Select a Year or Month report

Report for 2017 Mar
                   Monthly Climatological Summary for Mar 2017

Name: Carina Weather   City: Carina, Brisbane   State: Queensland
Elevation: 18 m  Lat: S 27 29' 04"   Lon: E 153 05' 43"

                  Temperature (C), Rain (mm), Wind Speed (km/h)

                                      Heat  Cool        Avg
    Mean                              Deg   Deg         Wind                 Dom
Day Temp  High   Time   Low    Time   Days  Days  Rain  Speed High   Time    Dir
----------------------------------------------------------------------------------
 1  25.8  32.9   13:23  19.9   05:55   0.0   7.5   0.0   2.1  21.0   14:55     E
 2  26.2  31.9   14:26  22.4   02:48   0.0   7.9   1.0   0.7  13.0   16:29     E
 3  26.4  32.6   10:19  21.2   05:05   0.0   8.1   0.4   1.0  21.0   14:33     E
 4  26.4  32.2   11:47  22.9   04:25   0.0   8.1   1.4   0.6  11.0   12:52     E
 5  26.3  32.8   12:53  21.9   02:05   0.0   8.0   3.6   0.8  14.0   12:24   NNW
 6  26.3  32.7   13:57  21.9   03:26   0.0   8.0   0.0   0.9  13.0   14:04     E
 7  25.8  32.8   12:49  20.3   00:00   0.0   7.5   0.0   2.0  21.0   19:30     E
 8  23.5  30.8   14:30  19.7   02:10   0.0   5.2   0.0   1.7  18.0   20:40     E
 9  24.1  30.8   13:00  19.5   06:00   0.0   5.8   0.0   1.3  18.0   12:41     E
10  24.3  32.1   13:58  17.4   05:06   0.1   6.1   0.0   2.0  21.0   12:58     E
11  25.2  31.4   12:41  19.8   05:54   0.0   6.9   0.2   1.0  13.0   17:22   ENE
12  26.7  32.9   12:32  20.8   06:13   0.0   8.4   0.0   0.9  18.0   16:03     N
13  25.3  27.9   13:29  23.5   09:53   0.0   7.0   0.0   0.8  11.0   16:23   ENE
14  25.1  30.3   10:08  21.9   23:39   0.0   6.8   1.0   2.0  23.0   13:15     E
15  24.4  29.1   12:43  21.7   03:18   0.0   6.0   3.0   0.6  14.0   12:26     E
16  25.8  34.1   13:11  21.8   05:20   0.0   7.5   0.0   0.7  14.0   15:38     E
17  24.9  36.3   12:56  20.9   22:48   0.0   6.6  45.8   0.8  19.0   13:34   NNW
18  26.2  32.8   13:30  20.6   00:57   0.0   7.9   3.4   1.4  18.0   10:11   WNW
19  24.5  30.2   14:55  21.7   01:51   0.0   6.2  20.4   0.5  16.0   16:36     E
20  24.0  27.7   11:45  22.6   04:34   0.0   5.7  27.4   0.4  14.0   17:01     E
21  24.9  29.3   14:17  22.3   03:35   0.0   6.6  40.2   0.5  16.0   12:41     E
22  24.3  28.1   10:36  22.6   22:47   0.0   6.0  14.8   0.1  11.0   15:38   WNW
23  25.0  29.4   13:35  22.2   04:40   0.0   6.7   0.2   0.2   8.0   10:52    NW
24  24.4  30.1   12:50  21.7   05:41   0.0   6.1  13.2   1.3  21.0   20:23     E
25  24.0  27.9   14:59  21.2   23:57   0.0   5.7   0.0   1.5  16.0   12:16     E
26  25.1  31.4   12:13  19.3   04:54   0.0   6.8   0.0   0.5  10.0   11:09    NE
27  25.0  30.6   13:17  20.9   23:53   0.0   6.6   0.0   1.0  14.0   09:21     E
28  25.2  31.5   13:14  20.5   06:01   0.0   6.9   0.0   0.5  10.0   10:02   ENE
29  25.0  30.3   12:47  21.2   05:47   0.0   6.7  27.2   0.6  13.0   11:15     E
30  24.5  25.4   12:23  22.4   22:52   0.0   6.2 183.6   2.5  31.0   22:57    NW
31  24.2  28.3   13:17  20.9   23:59   0.0   5.9   0.0   3.7  32.0   00:31   NNE
----------------------------------------------------------------------------------
    25.1  36.3    17    17.4    10     0.1 211.4 386.8   1.1  32.0    31     ENE

Max >=  27.0: 30
Max <=   0.0:  0
Min <=   0.0:  0
Min <= -18.0:  0
Max Rain: 183.6 on day 30
Days of Rain: 17 (>= 0.2 mm)  11 (>= 2.0 mm)  6 (>= 20.0 mm)
Heat Base: 18.3  Cool Base: 18.3  Method: Integration