Select a Year or Month report

Report for 2017 May
                   Monthly Climatological Summary for May 2017

Name: Carina Weather   City: Carina, Brisbane   State: Queensland
Elevation: 18 m  Lat: S 27 29' 04"   Lon: E 153 05' 43"

                  Temperature (C), Rain (mm), Wind Speed (km/h)

                                      Heat  Cool        Avg
    Mean                              Deg   Deg         Wind                 Dom
Day Temp  High   Time   Low    Time   Days  Days  Rain  Speed High   Time    Dir
----------------------------------------------------------------------------------
 1  19.2  26.7   12:07  14.4   01:56   1.4   2.3   0.0   0.4  13.0   10:26     E
 2  20.2  28.0   13:49  14.3   03:17   1.0   3.0   0.0   0.3   8.0   10:24    NE
 3  21.4  27.5   12:49  17.4   06:43   0.1   3.1   0.0   2.1  21.0   14:21     E
 4  20.0  23.6   09:57  16.2   06:01   0.2   1.9   0.0   2.6  21.0   11:35     E
 5  19.0  24.7   12:52  14.7   06:08   1.1   1.8   0.0   2.0  24.0   13:40     E
 6  19.3  25.2   12:56  13.9   06:21   1.1   2.0   0.0   1.5  23.0   10:11     E
 7  19.9  26.4   14:13  14.7   22:32   0.8   2.3   0.0   0.9  14.0   15:51     E
 8  17.8  21.3   11:25  14.7   00:45   1.1   0.5  15.4   0.9  19.0   13:50     E
 9  19.0  22.8   13:05  15.9   06:02   0.6   1.3   0.4   2.0  26.0   15:09     E
10  16.6  17.7   00:00  15.7   04:49   1.6   0.0   3.4   0.5  11.0   21:15   ENE
11  17.8  24.5   13:31  13.1   05:53   2.1   1.5   0.0   0.9  14.0   13:43   ENE
12  18.5  23.6   11:34  13.4   00:05   1.2   1.5   0.0   1.3  16.0   10:59     E
13  18.5  23.3   10:39  15.8   03:17   0.7   0.9   0.0   1.0  14.0   12:07     E
14  18.3  21.4   12:14  15.6   23:54   0.7   0.8   2.0   0.2   8.0   08:16   ENE
15  19.5  26.5   14:25  13.2   23:58   1.1   2.3   0.0   0.8  16.0   14:28   WNW
16  17.4  26.2   13:25  10.6   06:29   3.0   2.0   0.0   0.5  19.0   13:47    NW
17  18.1  25.7   12:33  11.2   06:26   2.1   1.9   0.0   0.5  13.0   16:22     E
18  19.7  23.4   13:34  16.0   04:57   0.4   1.8   2.4   1.4  18.0   13:01     E
19  18.5  20.1   11:12  17.3   04:13   0.3   0.4   9.0   0.2  10.0   08:42     E
20  18.9  24.3   11:53  15.7   06:44   0.9   1.5   0.0   0.1   6.0   08:47   ENE
21  19.3  25.8   14:30  15.4   00:42   0.9   1.9   0.4   0.4  11.0   10:45   NNW
22  19.6  26.4   12:38  14.9   04:16   0.8   2.1   0.0   0.6  11.0   13:35     E
23  19.4  26.3   14:08  15.1   05:46   1.0   2.1   0.0   0.0   8.0   08:35     E
24  19.4  27.4   14:57  14.7   02:09   1.0   2.1   0.0  0.2   8.0   10:28    NW
25  18.2  25.1   13:06  13.5   06:16   1.6   1.6   0.4   0.7  13.0   11:17     E
26  17.7  25.8   13:41  13.3   03:21   2.1   1.5   0.0   0.2   8.0   09:11    NW
27  17.6  25.1   13:51  13.4   06:40   2.2   1.5   0.0   0.2  10.0   12:09     E
28  18.3  25.1   13:47  12.6   06:19   1.7   1.7   0.4   0.1   8.0   14:32     N
29  18.7  26.3   14:28  13.6   06:37   1.5   2.0   0.0   0.5  14.0   10:43   WNW
30  17.4  25.3   14:54  12.9   22:51   2.3   1.4   0.0   0.4  10.0   09:20     N
31  15.3  22.7   15:07   9.1   06:58   3.7   0.7   0.0   0.7  14.0   08:30    NW
----------------------------------------------------------------------------------
    18.7  28.0     2     9.1    31    40.3  51.4  33.8   0.8  26.0     9       E

Max >=  27.0:  3
Max <=   0.0:  0
Min <=   0.0:  0
Min <= -18.0:  0
Max Rain: 15.4 on day 8
Days of Rain: 15 (>= 0.2 mm)  5 (>= 2.0 mm)  0 (>= 20.0 mm)
Heat Base: 18.3  Cool Base: 18.3  Method: Integration