Select a Year or Month report

Report for 2017 Jun
                   Monthly Climatological Summary for Jun 2017

Name: Carina Weather   City: Carina, Brisbane   State: Queensland
Elevation: 18 m  Lat: S 27 29' 04"   Lon: E 153 05' 43"

                  Temperature (C), Rain (mm), Wind Speed (km/h)

                                      Heat  Cool        Avg
    Mean                              Deg   Deg         Wind                 Dom
Day Temp  High   Time   Low    Time   Days  Days  Rain  Speed High   Time    Dir
----------------------------------------------------------------------------------
 1  14.8  21.7   14:16   9.4   04:39   4.1   0.6   0.0   1.0  16.0   11:49   ENE
 2  15.5  22.6   13:34  10.8   06:04   3.6   0.8   0.0   0.8  13.0   10:38   NNE
 3  15.4  23.2   12:57   9.6   05:12   3.8   0.9   0.0   0.9  13.0   09:03   ENE
 4  16.1  23.4   14:12  11.3   06:36   3.1   0.9   0.0   0.8  21.0   11:46     E
 5  15.7  23.5   14:51  10.8   06:46   3.6   1.0   0.0   0.4  10.0   11:01   NNW
 6  15.5  22.4   15:01  10.1   06:37   3.5   0.7   0.0   1.2  19.0   12:43   WNW
 7  13.9  20.3   15:14   8.9   05:16   4.6   0.2   0.0   0.9  16.0   13:06   WNW
 8  14.1  21.6   15:00  10.1   04:09   4.7   0.5   0.0   1.0  13.0   07:52    NW
 9  16.3  23.6   13:12  10.1   00:04   2.9   0.9   0.0   0.8  13.0   11:50   NNE
10  18.0  23.0   14:12  15.0   05:39   1.3   1.0  11.4   1.5  19.0   14:13     E
11  16.7  20.8   15:42  15.2   05:08   1.7   0.1  21.8   0.3  10.0   00:02   NNE
12  17.1  22.6   15:08  13.6   06:15   2.0   0.8   4.0   1.1  16.0   17:53   NNW
13  15.8  18.0   19:11  13.8   05:25   2.4   0.0  16.6   2.2  26.0   15:26   ENE
14  17.3  19.9   09:38  15.5   01:19   1.1   0.2  48.0   1.9  31.0   08:58     E
15  18.0  22.3   13:35  14.1   06:31   1.3   1.0   0.0  1.6  23.0   14:13     E
16  18.6  23.3   13:59  14.4   06:46   1.0   1.3   0.0   1.2  16.0   10:16     E
17  19.3  25.0   14:46  16.3   04:26   0.5   1.6   0.0   0.5  13.0   15:26   ENE
18  17.8  23.3   13:29  13.7   06:15   1.7   1.2   0.0   1.0  14.0   12:44    NE
19  17.7  22.2   15:01  14.0   02:41   1.5   0.9   0.0   2.0  18.0   10:30    NE
20  17.5  20.9   13:08  14.9   03:41   1.3   0.5   0.0   1.5  13.0   10:51    NE
21  17.1  22.6   13:07  11.4   04:37   2.1   0.9   0.0   0.7  16.0   13:54    NE
22  16.2  23.2   13:04  10.8   23:26   2.8   0.8   0.0   0.8  14.0   13:36     E
23  15.1  23.7   14:20  10.1   03:35   4.2   1.0   0.0   0.5  14.0   15:07    NW
24  15.2  24.8   15:04   8.9   06:20   4.3   1.2   0.0   0.3  10.0   13:32    NW
25  15.6  24.1   13:53  10.3   03:55   3.8   1.1   0.0   0.3   6.0   09:05   WNW
26  16.4  24.6   15:07  11.8   05:17   3.1   1.2   0.0   0.5  10.0   11:43   NNE
27  15.7  22.6   13:36  10.7   04:26   3.3   0.7   0.0   0.3  11.0   14:24     E
28  17.2  23.9   12:53  12.3   06:11   2.4   1.3   0.0   0.4  13.0   13:22     W
29  18.4  24.2   12:05  12.6   04:22   1.8   1.8   0.4   0.8  11.0   10:28     W
30  17.0  22.2   13:45  11.7   23:27   2.0   0.7   4.8   0.9  16.0   10:35    NE
----------------------------------------------------------------------------------
    16.5  25.0    17     8.9     7    79.5  25.8 107.0   0.9  31.0    14      NE

Max >=  27.0:  0
Max <=   0.0:  0
Min <=   0.0:  0
Min <= -18.0:  0
Max Rain: 48.0 on day 14
Days of Rain: 11 (>= 0.2 mm)  6 (>= 2.0 mm)  2 (>= 20.0 mm)
Heat Base: 18.3  Cool Base: 18.3  Method: Integration