Select a Year or Month report

Report for 2017 Jul
                   Monthly Climatological Summary for Jul 2017

Name: Carina Weather   City: Carina, Brisbane   State: Queensland
Elevation: 18 m  Lat: S 27 29' 04"   Lon: E 153 05' 43"

                  Temperature (C), Rain (mm), Wind Speed (km/h)

                                      Heat  Cool        Avg
    Mean                              Deg   Deg         Wind                 Dom
Day Temp  High   Time   Low    Time   Days  Days  Rain  Speed High   Time    Dir
----------------------------------------------------------------------------------
 1  12.8  19.8   13:47   7.9   06:53   5.7   0.2   0.0   0.6  13.0   10:31     E
 2  13.3  21.7   14:43   8.3   05:52   5.5   0.4   0.0   0.4  10.0   01:47    NW
 3  14.7  22.6   13:31   8.4   04:57   4.2   0.6   0.0   0.1   6.0   10:35     N
 4  18.0  24.8   13:10  13.5   06:49   1.9   1.6   0.4   0.1   8.0   13:35   WNW
 5  16.7  26.1   13:46   8.9   07:01   3.3   1.8   8.4   0.2   8.0   10:18     N
 6  16.3  23.6   14:59  10.8   06:43   3.1   1.1   0.0   0.5  11.0   10:35   WNW
 7  14.0  15.8   13:55  11.3   01:13   4.3   0.0  14.4   0.0   8.0   07:20   WNW
 8  14.5  21.8   14:38   8.8   06:53   4.4   0.6   0.0   0.6  14.0   15:23   WNW
 9  13.7  21.7   14:22   6.8   05:16   5.1   0.4   0.0   0.3  11.0   11:08   NNW
10  15.4  21.9   12:54  10.6   06:44   3.3   0.4   0.0   0.3  10.0   12:32     E
11  16.1  22.6   13:17  11.3   23:59   2.8   0.6   0.4   0.7  16.0   15:00     E
12  14.3  21.1   12:44  10.0   06:00   4.4   0.4   0.0   0.7  16.0   12:13     E
13  14.1  21.7   12:32  10.1   23:57   4.6   0.4   0.0   0.6  16.0   13:07     E
14  14.3  22.5   13:45   8.2   06:24   4.7   0.7   0.0   0.5  10.0   12:25   WNW
15  16.5  24.4   13:12  10.2   03:50   3.2   1.4   7.2   0.7  16.0   11:36   WNW
16  16.4  22.1   14:56  12.6   23:57   2.4   0.6   2.6   0.1  10.0   12:07     E
17  16.4  23.9   12:48  11.0   06:15   3.0   1.0   0.0   0.1  10.0   12:15   WNW
18  18.5  25.8   13:20  13.2   06:59   1.6   1.8   0.6   0.4  13.0   21:08   WNW
19  16.4  19.3   13:37  12.5   22:36   2.0   0.1   1.8   3.7  35.0   11:44   WNW
20  14.9  20.8   14:10   8.4   04:17   3.8   0.4   0.0   1.9  24.0   14:41   WNW
21  12.9  21.4   14:40   6.5   06:31   5.8   0.3   0.0   0.6  11.0   11:32    NW
22  13.1  22.2   14:55   7.1   06:09   5.8   0.6   0.0   0.4  10.0   11:17    NW
23  14.0  23.3   13:21   7.1   06:34   5.4   1.1   0.0   0.8  18.0   13:53   WNW
24  13.8  25.8   15:53   4.8   03:50   5.9   1.4   0.0   0.5  13.0   13:42    NW
25  13.6  24.1   14:38   5.9   06:31   5.8   1.2   0.0   0.5  11.0   14:29   NNW
26  14.5  26.1   16:11   6.6   05:40   5.3   1.5   0.0   0.5  13.0   13:56   WNW
27  14.7  23.8   12:22   7.5   05:37   4.7   1.1   0.0   0.9  16.0   12:36     E
28  15.9  25.7   14:26   8.9   05:04   3.8   1.4   0.0   0.5  11.0   13:23    NW
29  15.1  24.6   13:57   7.8   06:43   4.5   1.4   0.0   0.4   8.0   14:46   ENE
30  15.1  24.9   13:54   7.3   06:49   4.4   1.2   0.0   0.4   8.0   09:07    NW
31  16.8  25.4   13:07   9.9   06:21   3.0   1.5   0.2   0.7  16.0   15:52   WNW
----------------------------------------------------------------------------------
    15.1  26.1     5     4.8    24   127.7  27.2  36.0   0.6  35.0    19      NW

Max >=  27.0:  0
Max <=   0.0:  0
Min <=   0.0:  0
Min <= -18.0:  0
Max Rain: 14.4 on day 7
Days of Rain: 9 (>= 0.2 mm)  4 (>= 2.0 mm)  0 (>= 20.0 mm)
Heat Base: 18.3  Cool Base: 18.3  Method: Integration