Select a Year or Month report

Report for 2017 Aug
                   Monthly Climatological Summary for Aug 2017

Name: Carina Weather   City: Carina, Brisbane   State: Queensland
Elevation: 18 m  Lat: S 27 29' 04"   Lon: E 153 05' 43"

                  Temperature (C), Rain (mm), Wind Speed (km/h)

                                      Heat  Cool        Avg
    Mean                              Deg   Deg         Wind                 Dom
Day Temp  High   Time   Low    Time   Days  Days  Rain  Speed High   Time    Dir
----------------------------------------------------------------------------------
 1  16.0  23.9   13:43   9.9   05:19   3.3   1.0   0.0   0.9  16.0   11:39   NNE
 2  14.9  23.3   13:22   9.1   06:23   4.3   0.9   0.0   0.6  14.0   10:25    NE
 3  15.5  22.9   13:21   8.8   06:26   3.7   0.9   0.0   0.5   8.0   10:08    NE
 4  17.5  22.7   15:10  12.4   00:00   1.8   1.0   0.0   1.9  21.0   09:33   WNW
 5  15.0  23.4   15:33   8.1   06:26   4.3   1.0   0.0   1.0  16.0   13:00   WNW
 6  16.0  24.8   13:42   7.9   01:59   3.5   1.2   0.0   0.5  11.0   08:37   NNW
 7  19.1  26.3   15:02  12.6   23:58   1.5   2.3   1.8   1.2  19.0   11:00   WNW
 8  15.7  22.9   15:13  10.3   04:02   3.4   0.8   0.0   1.9  24.0   12:30   WNW
 9  14.7  24.2   14:47   8.3   06:30   4.6   1.1   0.0   0.7  11.0   09:21   NNW
10  14.8  24.3   13:34   6.1   06:31   4.7   1.2   0.0   0.6  16.0   16:18   WNW
11  16.6  26.1   13:16   8.2   06:06   3.6   1.9   0.0   0.3  10.0   12:29   WNW
12  18.1  28.2   14:55  10.3   06:51   2.5   2.3   0.0   0.3  11.0   10:20   WNW
13  17.3  26.2   12:50  10.7   06:42   2.9   1.9   0.0   0.6  10.0   10:29    NE
14  17.5  25.7   12:53  11.0   05:22   2.6   1.9   0.0   0.4   8.0   09:24   NNW
15  18.3  27.3   13:53   9.6   06:21   2.4   2.4   0.0   0.5   8.0   14:07   ENE
16  19.3  27.6   12:04  10.3   06:28   2.1   3.1   0.0   1.1  18.0   13:15   WNW
17  21.7  31.9   13:42  14.2   06:33   1.0   4.4   0.0   0.5  18.0   12:42    NW
18  19.2  25.6   13:08  10.1   05:41   1.5   2.5   0.0   2.7  27.0   13:09   WNW
19  15.2  20.4   12:32  10.7   23:12   3.4   0.4   0.0   2.5  32.0   10:09   WNW
20  13.8  21.4   14:01   7.9   06:01   5.0   0.5   0.0   0.9  14.0   11:45   ENE
21  14.8  22.7   12:32   7.3   04:27   4.1   0.6   0.0   0.6  11.0   08:23     N
22  18.3  25.1   12:28  12.0   06:05   1.8   1.8   0.4   0.7  13.0   11:17   WNW
23  18.9  26.5   13:56  12.7   05:57   1.3   1.9   0.0   0.5  10.0   10:40    NW
24  17.6  24.8   14:19  13.5   06:06   1.7   1.0   2.8   0.6  13.0   14:26   WNW
25  15.8  22.6   12:11  10.9   05:20   3.2   0.7   0.2   1.4  19.0   14:02   ENE
26  16.2  24.1   14:37  10.9   05:11   3.2   1.1   0.0   1.4  16.0   10:46     E
27  15.9  23.8   12:37   9.8   03:54   3.6   1.2   0.0   0.7  11.0   11:38   WNW
28  15.5  23.3   14:06   7.1   05:44   3.9   1.1   0.0   1.3  23.0   12:50   WNW
29  14.8  23.3   12:41   6.8   06:18   4.4   0.9   0.0   0.8  11.0   12:50   NNE
30  17.4  25.7   15:04  10.9   05:47   2.9   2.0   0.0   1.2  21.0   15:39   WNW
31  16.2  23.7   13:12   9.6   06:20   3.1   1.0   0.0   1.1  16.0   16:00     E
----------------------------------------------------------------------------------
    16.7  31.9    17     6.1    10    95.3  46.0   5.2   1.0  32.0    19      NW

Max >=  27.0:  4
Max <=   0.0:  0
Min <=   0.0:  0
Min <= -18.0:  0
Max Rain: 2.8 on day 24
Days of Rain: 4 (>= 0.2 mm)  1 (>= 2.0 mm)  0 (>= 20.0 mm)
Heat Base: 18.3  Cool Base: 18.3  Method: Integration