Select a Year or Month report

Report for 2017 Sep
                   Monthly Climatological Summary for Sep 2017

Name: Carina Weather   City: Carina, Brisbane   State: Queensland
Elevation: 18 m  Lat: S 27 29' 04"   Lon: E 153 05' 43"

                  Temperature (C), Rain (mm), Wind Speed (km/h)

                                      Heat  Cool        Avg
    Mean                              Deg   Deg         Wind                 Dom
Day Temp  High   Time   Low    Time   Days  Days  Rain  Speed High   Time    Dir
----------------------------------------------------------------------------------
 1  16.2  23.5   13:14  10.9   05:02   3.2   1.0   0.0   0.8  16.0   16:01    NE
 2  17.3  25.1   12:59  11.1   03:21   2.6   1.6   0.0   0.7  19.0   12:01     N
 3  19.2  27.2   12:39  11.3   05:48   1.7   2.5   0.0   1.3  18.0   12:45   WNW
 4  20.5  28.6   13:11  14.1   04:06   1.1   3.2   0.0   0.6  13.0   15:42   NNW
 5  20.7  27.5   15:30  12.3   06:15   0.7   3.1   0.0   2.0  21.0   10:20   WNW
 6  18.9  27.1   15:36   9.4   05:36   1.9   2.5   0.0   1.6  24.0   11:20   WNW
 7  18.4  27.1   15:33  11.7   05:54   2.3   2.4   0.0   1.3  23.0   13:54   WNW
 8  17.6  26.8   14:46   8.7   06:05   3.0   2.3   0.0   1.3  23.0   11:51   WNW
 9  16.9  24.9   12:49   9.0   04:56   2.8   1.4   0.0   1.3  16.0   17:07    NE
10  17.1  24.5   13:26   9.7   05:35   2.7   1.5   0.0   0.9  11.0   12:52   NNW
11  18.7  26.2   12:10  10.7   05:56   1.9   2.4   0.0   1.4  14.0   14:46    NW
12  20.2  28.8   12:28  12.7   05:53   1.2   3.1   0.0   1.0  16.0   16:58   WNW
13  21.1  27.4   11:57  14.2   04:58   0.7   3.5   0.0   1.3  16.0   16:32   WNW
14  19.6  23.4   13:38  12.7   23:55   0.5   1.9   0.0   4.0  37.0   12:29   WNW
15  15.9  24.6   13:52   8.4   04:39   3.6   1.2   0.0   1.0  13.0   12:05   NNE
16  17.5  27.5   12:39   7.6   06:04   3.2   2.4   0.0   1.0  19.0   15:17   WNW
17  18.0  25.1   13:02  12.5   05:29   2.0   1.6   0.0   2.2  23.0   07:58     E
18  19.0  25.4   12:09  12.7   00:48   1.5   2.1   0.0   0.8  13.0   11:30     N
19  19.7  28.6   12:30  10.9   04:30   1.9   3.2   0.0   1.2  16.0   16:54   WNW
20  20.5  27.3   11:23  15.5   02:26   0.6   2.7   0.0   1.2  19.0   14:55     E
21  20.7  27.0   11:43  14.2   04:06   0.8   3.1   0.0   1.2  16.0   20:05   NNW
22  22.0  28.6   11:34  16.8   23:57   0.1   3.8   1.4   1.4  16.0   15:46   WNW
23  21.7  28.7   14:15  14.4   05:36   0.7   4.2   0.0   1.0  16.0   15:28    NW
24  22.4  30.2   12:08  14.5   05:32   0.6   4.7   0.0   2.1  18.0   12:14   WNW
25  23.8  30.3   12:20  19.4   04:56   0.0   5.5   0.0   1.5  19.0   14:28   WNW
26  22.2  30.3   10:03  18.3   05:26   0.0   3.9   0.0   1.8  23.0   14:27     E
27  21.5  25.7   10:48  17.3   04:20   0.0   3.3   0.0   0.7  13.0   13:53     E
28  23.9  31.4   11:42  17.9   05:32   0.0   5.6   0.0   1.0  18.0   14:09    NW
29  25.9  36.9   14:22  17.4   05:48   0.0   7.7   0.0   1.3  18.0   12:26   WNW
30  24.5  34.3   13:32  17.8   23:59   0.0   6.2   0.0   1.6  19.0   15:22   ENE
----------------------------------------------------------------------------------
    20.1  36.9    29     7.6    16    41.3  93.6   1.4   1.3  37.0    14      NW

Max >=  27.0: 19
Max <=   0.0:  0
Min <=   0.0:  0
Min <= -18.0:  0
Max Rain: 1.4 on day 22
Days of Rain: 1 (>= 0.2 mm)  0 (>= 2.0 mm)  0 (>= 20.0 mm)
Heat Base: 18.3  Cool Base: 18.3  Method: Integration