Select a Year or Month report

Report for 2017 Oct
                   Monthly Climatological Summary for Oct 2017

Name: Carina Weather   City: Carina, Brisbane   State: Queensland
Elevation: 18 m  Lat: S 27 29' 04"   Lon: E 153 05' 43"

                  Temperature (C), Rain (mm), Wind Speed (km/h)

                                      Heat  Cool        Avg
    Mean                              Deg   Deg         Wind                 Dom
Day Temp  High   Time   Low    Time   Days  Days  Rain  Speed High   Time    Dir
----------------------------------------------------------------------------------
 1  19.3  25.2   11:33  15.1   19:58   0.8   1.8   6.0   2.0  21.0   12:51     E
 2  18.6  21.6   11:32  16.6   00:00   0.5   0.7  21.4   0.5  19.0   11:52   ENE
 3  20.2  26.6   14:44  16.3   01:47   0.5   2.4  19.2   0.8  13.0   12:47   WNW
 4  22.0  28.2   14:17  18.1   04:38   0.0   3.7   0.2   1.0  16.0   16:10     E
 5  23.3  30.4   13:06  18.4   01:36   0.0   5.0   0.0   1.1  13.0   15:23   NNE
 6  24.2  31.3   11:59  18.9   04:44   0.0   5.9  12.0   1.1  19.0   15:34   WNW
 7  21.3  23.4   12:56  19.6   05:28   0.0   3.0   0.0   3.0  21.0   06:35     E
 8  22.0  27.6   12:03  18.7   03:06   0.0   3.7   0.0   0.7  11.0   11:40    NE
 9  23.6  29.5   13:50  19.8   00:45   0.0   5.3   0.0   0.8  14.0   15:59   WNW
10  25.6  34.6   10:54  20.8   01:45   0.0   7.3   0.0   1.8  23.0   14:50     E
11  24.4  29.5   13:08  21.8   02:34   0.0   6.1   0.0   1.2  18.0   16:25   WNW
12  22.9  24.3   15:04  20.7   23:58   0.0   4.6   2.0   0.4  11.0   02:19   WNW
13  24.0  30.8   12:00  20.0   02:27   0.0   5.7   1.6   0.9  14.0   14:02     E
14  21.4  26.2   09:19  17.9   23:44   0.0   3.2  23.2   1.3  24.0   18:05     E
15  18.6  21.9   10:08  17.0   19:23   0.2   0.5  47.8   3.0  23.0   10:08     E
16  19.7  22.2   11:07  17.5   00:12   0.0   1.4   6.6   3.7  34.0   10:41     E
17  19.8  21.7   10:19  18.6   23:12   0.0   1.5   8.2   5.3  27.0   01:38     E
18  19.8  23.8   11:29  17.8   04:10   0.1   1.6   7.2   3.7  27.0   09:21     E
19  20.5  24.3   10:23  17.0   04:37   0.2   2.4   0.4   1.1  18.0   11:55     E
20  21.8  27.4   12:22  17.3   04:54   0.1   3.6   0.0   0.9  14.0   12:23   WNW
21  17.0  18.9   06:21  13.9   23:54   1.3   0.1  17.8   0.5  10.0   10:27   ENE
22  18.7  26.4   13:22  12.2   04:13   1.8   2.2   0.2   1.2  16.0   17:19   ENE
23  18.3  23.2   09:15  15.0   23:36   1.1   1.1   4.0   0.9  14.0   09:38   ENE
24  19.9  26.4   11:16  12.8   05:09   1.2   2.8   0.0   0.8  11.0   13:06   ENE
25  21.6  28.2   12:23  13.6   04:53   1.0   4.3   0.0   1.3  16.0   16:09   WNW
26  23.6  30.9   12:59  17.2   02:41   0.2   5.4   1.0   1.6  19.0   16:16   WNW
27  24.5  30.9   16:26  19.1   03:13   0.0   6.2   0.0   3.6  29.0   09:50     W
28  23.5  29.8   12:05  16.8   04:51   0.1   5.3   0.0   1.0  13.0   14:22   ENE
29  25.3  31.8   11:54  20.8   04:44   0.0   7.0   3.6   1.3  16.0   16:34   WNW
30  25.4  30.9   12:19  21.4   03:10   0.0   7.1   4.8   1.3  16.0   14:29   WNW
31  23.9  30.1   13:14  18.6   23:47   0.0   5.6   0.0   1.9  18.0   09:59    NW
----------------------------------------------------------------------------------
    21.8  34.6    10    12.2    22     9.1 116.5 187.2   1.6  34.0    16     ENE

Max >=  27.0: 16
Max <=   0.0:  0
Min <=   0.0:  0
Min <= -18.0:  0
Max Rain: 47.8 on day 15
Days of Rain: 19 (>= 0.2 mm)  14 (>= 2.0 mm)  3 (>= 20.0 mm)
Heat Base: 18.3  Cool Base: 18.3  Method: Integration