Select a Year or Month report

Report for 2017 Nov
                   Monthly Climatological Summary for Nov 2017

Name: Carina Weather   City: Carina, Brisbane   State: Queensland
Elevation: 18 m  Lat: S 27 29' 04"   Lon: E 153 05' 43"

                  Temperature (C), Rain (mm), Wind Speed (km/h)

                                      Heat  Cool        Avg
    Mean                              Deg   Deg         Wind                 Dom
Day Temp  High   Time   Low    Time   Days  Days  Rain  Speed High   Time    Dir
----------------------------------------------------------------------------------
 1  21.7  27.0   15:16  17.3   01:38   0.1   3.5   0.0   1.1  16.0   13:14   WNW
 2  22.5  29.6   12:24  15.1   05:04   0.6   4.7   0.0   1.0  13.0   16:12   ENE
 3  23.8  29.8   12:01  17.4   04:59   0.1   5.6   0.0   1.0  14.0   17:04    NW
 4  23.9  30.9   12:27  16.9   04:59   0.2   5.8   0.0   0.9  16.0   14:19   NNE
 5  24.3  29.9   13:38  20.9   05:01   0.0   6.0   0.0   0.9  14.0   23:36    NE
 6  23.4  28.4   14:00  19.3   23:55   0.0   5.1   6.6   1.7  24.0   22:14   WNW
 7  22.0  28.6   10:06  18.0   05:12   0.0   3.7   0.0   2.9  31.0   13:23     E
 8  19.9  25.7   11:25  16.2   23:56   0.3   1.9   0.8   3.8  29.0   15:08     E
 9  19.2  24.3   12:37  14.2   02:19   1.1   2.0   0.2   3.2  26.0   12:50     E
10  19.5  24.8   14:48  15.1   04:27   0.8   2.0   0.8   3.0  27.0   14:06     E
11  19.3  24.9   12:51  15.6   04:18   0.8   1.8   2.0   2.1  21.0   12:26     E
12  19.5  25.4   12:03  14.2   23:42   1.2   2.4   0.2   2.6  24.0   15:21     E
13  20.1  26.4   11:35  13.6   04:31   1.2   3.0   0.0   2.0  21.0   12:46     E
14  20.5  27.7   11:54  13.3   04:25   1.2   3.4   0.0   1.4  21.0   12:38     E
15  21.2  28.4   12:30  15.3   04:26   0.7   3.5   0.0   0.8  13.0   12:23     E
16  21.9  28.7   12:41  15.8   02:27   0.5   4.1   0.0   0.8  14.0   15:00    NE
17  22.4  28.4   12:59  16.7   04:31   0.1   4.2   0.0   1.1  14.0   11:10     E
18  18.2  19.9   07:15  16.3   23:23   0.3   0.3  80.0   0.3  13.0   12:00     N
19  18.7  23.0   08:12  15.7   03:02   0.7   1.2  18.4   1.1  24.0   16:31     E
20  20.8  27.5   16:00  16.4   04:42   0.4   2.8   0.0   2.6  26.0   14:18     E
21  20.6  26.2   11:32  16.8   04:43   0.3   2.5   3.6   3.3  24.0   12:14   ESE
22  20.7  25.8   14:17  16.3   03:46   0.3   2.7   0.0   1.9  21.0   15:58   ESE
23  21.5  27.5   14:50  15.4   04:29   0.4   3.6   0.2   1.4  16.0   11:04     E
24  23.0  29.8   13:08  16.8   05:04   0.2   4.9   0.0   1.6  19.0   14:59     E
25  23.4  29.2   13:30  18.3   04:21   0.0   5.1   0.0   2.0  19.0   13:23   ESE
26  24.2  30.0   13:44  18.7   04:51   0.0   5.9   0.0   2.1  24.0   12:21   ESE
27  24.2  30.1   12:43  19.8   04:53   0.0   5.8   0.0   1.2  16.0   14:29     E
28  24.7  30.1   13:09  20.2   04:58   0.0   6.4   0.0   1.2  14.0   16:03     E
29  22.2  23.9   15:10  20.7   22:55   0.0   3.9  67.0   0.5  11.0   06:11     E
30  23.5  28.6   13:49  20.1   04:33   0.0   5.2   1.0   1.0  16.0   13:45     E
----------------------------------------------------------------------------------
    21.7  30.9     4    13.3    14    11.5 113.0 180.8   1.7  31.0     7       E

Max >=  27.0: 19
Max <=   0.0:  0
Min <=   0.0:  0
Min <= -18.0:  0
Max Rain: 80.0 on day 18
Days of Rain: 12 (>= 0.2 mm)  6 (>= 2.0 mm)  2 (>= 20.0 mm)
Heat Base: 18.3  Cool Base: 18.3  Method: Integration