Select a Year or Month report

Report for 2017 Dec
                   Monthly Climatological Summary for Dec 2017

Name: Carina Weather   City: Carina, Brisbane   State: Queensland
Elevation: 18 m  Lat: S 27 29' 04"   Lon: E 153 05' 43"

                  Temperature (C), Rain (mm), Wind Speed (km/h)

                                      Heat  Cool        Avg
    Mean                              Deg   Deg         Wind                 Dom
Day Temp  High   Time   Low    Time   Days  Days  Rain  Speed High   Time    Dir
----------------------------------------------------------------------------------
 1  24.9  29.2   12:45  21.3   03:23   0.0   6.6   1.2   1.2  14.0   07:50   ENE
 2  25.6  30.1   12:47  21.9   04:21   0.0   7.3   0.4   1.9  18.0   17:40   WNW
 3  26.0  31.3   11:02  22.9   05:23   0.0   7.7   0.2   1.3  13.0   10:19   WNW
 4  22.4  29.1   09:33  19.4   17:55   0.0   4.1  24.4   0.6  13.0   12:01     E
 5  23.6  29.9   13:27  19.3   05:00   0.0   5.3   0.0   0.9  11.0   08:37    NW
 6  24.6  32.7   16:41  18.1   04:19   0.0   6.3   0.0   1.6  21.0   12:58   WNW
 7  25.3  33.9   13:12  16.9   04:51   0.1   7.2   0.0   0.9  13.0   13:03   ENE
 8  24.9  31.9   11:38  21.9   03:03   0.0   6.6   3.0   1.3  27.0   12:34    NW
 9  24.3  31.6   11:24  19.7   05:04   0.0   6.0   3.2   1.6  27.0   17:24     E
10  23.4  28.9   11:53  18.4   03:58   0.0   5.1   0.2   3.3  23.0   13:15   ESE
11  23.5  29.4   12:12  18.1   04:21   0.0   5.2   0.0   3.3  23.0   15:36   ESE
12  23.7  29.3   12:22  18.4   04:51   0.0   5.4   0.0   2.9  23.0   16:03     E
13  24.0  30.3   12:36  18.4   02:34   0.0   5.7   0.0   1.1  16.0   16:53     E
14  24.5  30.4   13:07  17.4   03:36   0.0   6.3   0.0   1.0  13.0   14:29   ENE
15  25.8  31.3   12:29  19.9   04:53   0.0   7.5   0.0   0.9  13.0   16:05     E
16  26.8  31.7   12:21  22.9   23:56   0.0   8.5   0.0   1.0  14.0   08:52     E
17  26.0  32.4   12:13  19.9   04:34   0.0   7.7   0.0   0.9  14.0   15:43     E
18  25.6  30.8   10:55  20.0   04:59   0.0   7.3   0.0   0.8  13.0   12:13     E
19  26.2  32.3   12:01  20.1   04:25   0.0   7.9   0.0   1.3  13.0   14:08   WNW
20  27.3  32.1   10:50  21.4   05:06   0.0   9.0   0.0   1.9  14.0   10:05   WNW
21  27.6  34.0   14:06  21.9   04:52   0.0   9.3   0.0   1.0  11.0   10:54   NNE
22  26.0  32.6   14:17  22.9   03:50   0.0   7.7   0.8   0.7  11.0   13:44   ENE
23  26.7  32.5   11:10  22.4   04:36   0.0   8.4   0.0   0.9  14.0   13:56    NE
24  27.3  33.3   11:22  20.3   04:51   0.0   9.0   0.0   1.4  14.0   16:24   WNW
25  27.2  36.4   13:34  20.9   19:50   0.0   9.0  49.4   1.9  26.0   19:17     W
26  24.2  30.4   12:40  20.4   03:46   0.0   5.9   6.4   1.7  21.0   19:07     E
27  24.3  29.2   14:47  20.3   04:51   0.0   6.0   3.4   1.2  16.0   15:51     E
28  25.0  31.0   15:08  19.8   04:40   0.0   6.7   1.4   0.8  14.0   12:07     E
29  26.4  31.4   11:53  22.0   04:48   0.0   8.1  24.4   0.7  11.0   16:12   ENE
30  27.5  31.8   11:30  22.4   04:52   0.0   9.2   0.0   1.3  14.0   15:55   WNW
31  27.0  33.9   12:07  24.4   05:18   0.0   8.7   2.2   0.7  16.0   16:00     E
----------------------------------------------------------------------------------
    25.4  36.4    25    16.9     7     0.1 220.7 120.6   1.4  27.0     8     ENE

Max >=  27.0: 31
Max <=   0.0:  0
Min <=   0.0:  0
Min <= -18.0:  0
Max Rain: 49.4 on day 25
Days of Rain: 14 (>= 0.2 mm)  8 (>= 2.0 mm)  3 (>= 20.0 mm)
Heat Base: 18.3  Cool Base: 18.3  Method: Integration