Select a Year or Month report

Report for 2018 Jan
                   Monthly Climatological Summary for Jan 2018

Name: Carina Weather   City: Carina, Brisbane   State: Queensland
Elevation: 18 m  Lat: S 27 29' 04"   Lon: E 153 05' 43"

                  Temperature (C), Rain (mm), Wind Speed (km/h)

                                      Heat  Cool        Avg
    Mean                              Deg   Deg         Wind                 Dom
Day Temp  High   Time   Low    Time   Days  Days  Rain  Speed High   Time    Dir
----------------------------------------------------------------------------------
 1  27.4  33.3   14:54  23.7   05:12   0.0   9.1   0.0   0.4  16.0   21:00   NNE
 2  25.7  31.9   14:36  22.3   19:48   0.0   7.4  11.4   0.9  18.0   15:53     E
 3  25.5  31.7   12:08  21.1   04:31   0.0   7.2   0.0   1.4  18.0   16:53     E
 4  25.0  30.1   11:06  20.4   05:08   0.0   6.7   0.0   1.3  16.0   15:20     E
 5  25.6  30.3   14:29  21.5   04:50   0.0   7.3   0.0   1.0  13.0   15:04     E
 6  25.7  32.1   12:58  20.3   03:16   0.0   7.4   0.0   0.9  14.0   13:24   ENE
 7  26.2  32.2   12:55  19.6   05:01   0.0   7.9   0.0   1.1  14.0   14:27    NW
 8  26.9  33.3   12:29  20.4   04:30   0.0   8.6   0.0   1.5  16.0   17:57   WNW
 9  27.1  32.6   13:24  21.1   05:07   0.0   8.8   0.0   1.5  16.0   15:03   WNW
10  27.2  33.2   13:09  20.9   04:56   0.0   8.9   0.0   1.0  13.0   15:14    NW
11  27.1  32.3   13:31  22.7   04:42   0.0   8.8   0.2   0.7  16.0   12:58   ENE
12  27.8  33.5   13:43  22.9   05:17   0.0   9.5   0.0   1.1  11.0   11:43    NW
13  28.8  34.7   12:50  23.7   05:01   0.0  10.5   0.2   1.5  19.0   17:04   WNW
14  28.4  37.4   15:12  21.1   23:59   0.0  10.1   0.0   3.6  31.0   16:41   ENE
15  23.2  29.6   12:12  16.5   04:44   0.2   5.1   0.0   2.2  23.0   14:40     E
16  23.5  31.1   13:04  16.6   02:35   0.2   5.4   0.0   3.1  27.0   15:17     E
17  23.7  29.9   13:10  17.6   04:52   0.0   5.5   0.0   1.4  13.0   00:25     E
18  24.1  31.0   13:01  18.1   04:29   0.0   5.8   0.0   1.1  14.0   15:13     E
19  24.1  32.2   13:09  16.9   04:05   0.2   6.0   0.0   0.9  14.0   16:21   ENE
20  25.0  32.2   13:33  18.1   04:32   0.0   6.7   0.0   2.3  26.0   17:09     E
21  25.3  30.8   10:59  19.8   05:11   0.0   7.0   0.0   1.0  19.0   10:04     E
22  25.8  31.9   13:04  20.7   04:29   0.0   7.5   0.0   0.7  14.0   12:40   ENE
23  26.1  33.0   13:08  20.3   03:07   0.0   7.8   0.0   0.8  11.0   13:54   ENE
24  26.9  32.3   12:03  22.1   04:22   0.0   8.6   6.0   1.0  11.0   12:16     E
25  27.1  32.5   12:40  23.3   03:14   0.0   8.8   0.6   0.8  18.0   14:27   ENE
26  27.6  33.7   13:31  22.8   05:14   0.0   9.3   0.0   0.8  13.0   11:42   ENE
27  27.6  33.6   12:49  23.6   05:03   0.0   9.3   0.0   1.6  21.0   15:10     E
28  26.1  30.8   13:51  22.4   04:24   0.0   7.8   2.6   2.2  21.0   15:44   ESE
29  25.7  30.8   12:21  21.6   05:18   0.0   7.3   0.6   2.5  24.0   12:50   ESE
30  26.3  32.4   13:34  21.9   04:11   0.0   8.0   0.0   2.0  21.0   15:56     E
31  27.2  34.7   11:33  21.8   03:47   0.0   8.9   3.8   1.4  16.0   16:28     E
----------------------------------------------------------------------------------
    26.1  37.4    14    16.5    15     0.6 243.0  25.4   1.4  31.0    14       E

Max >=  27.0: 31
Max <=   0.0:  0
Min <=   0.0:  0
Min <= -18.0:  0
Max Rain: 11.4 on day 2
Days of Rain: 8 (>= 0.2 mm)  4 (>= 2.0 mm)  0 (>= 20.0 mm)
Heat Base: 18.3  Cool Base: 18.3  Method: Integration