Select a Year or Month report

Report for 2018 Mar
                   Monthly Climatological Summary for Mar 2018

Name: Carina Weather   City: Carina, Brisbane   State: Queensland
Elevation: 18 m  Lat: S 27 29' 04"   Lon: E 153 05' 43"

                  Temperature (C), Rain (mm), Wind Speed (km/h)

                                      Heat  Cool        Avg
    Mean                              Deg   Deg         Wind                 Dom
Day Temp  High   Time   Low    Time   Days  Days  Rain  Speed High   Time    Dir
----------------------------------------------------------------------------------
 1  26.8  35.6   14:21  19.6   04:50   0.0   8.5   0.0   1.0  14.0   23:58   NNW
 2  26.1  29.5   10:44  24.2   03:23   0.0   7.8   0.0   1.4  16.0   01:20     E
 3  26.8  31.2   14:57  23.7   05:58   0.0   8.5   0.2   0.5  10.0   15:24   WNW
 4  27.9  36.2   14:33  23.8   05:31   0.0   9.6   1.6   0.7  19.0   15:19   WNW
 5  25.5  29.9   13:53  23.1   05:45   0.0   7.2  14.8   0.2   8.0   04:08     E
 6  20.9  24.3   00:00  18.6   22:39   0.0   2.6  45.6   1.2  18.0   13:24     E
 7  21.6  25.7   15:11  18.5   00:04   0.0   3.3  11.2   3.2  29.0   15:13     E
 8  22.0  25.5   12:17  19.1   05:05   0.0   3.7   3.2   3.2  26.0   12:27     E
 9  22.6  27.2   13:17  18.7   04:37   0.0   4.3   1.4   3.1  27.0   13:46     E
10  21.9  26.7   13:05  18.8   22:49   0.0   3.6   4.0   2.3  26.0   13:19     E
11  21.0  25.2   12:47  18.4   02:49   0.0   2.7   4.4   1.4  14.0   09:35     E
12  22.6  28.7   14:32  17.9   04:36   0.0   4.4   0.0   1.4  14.0   10:11     E
13  22.7  26.9   14:39  18.0   04:52   0.0   4.4   1.6   2.1  19.0   14:45   ESE
14  23.7  28.7   12:02  20.4   03:04   0.0   5.4   7.8   3.1  29.0   12:38   ESE
15  23.6  29.8   13:51  19.4   04:32   0.0   5.3   0.4   1.8  19.0   12:22     E
16  23.7  30.9   13:22  17.4   03:53   0.1   5.5   0.0   1.4  14.0   14:26     E
17  24.8  31.4   12:24  19.6   05:53   0.0   6.5   0.0   0.9  13.0   13:51     E
18  25.1  31.4   14:55  20.2   05:25   0.0   6.8   0.0   0.7  11.0   13:38     E
19  26.0  32.8   13:19  21.3   05:51   0.0   7.8   1.0   0.7  11.0   13:34     E
20  25.1  30.5   12:01  20.8   06:07   0.0   6.8   0.2   1.5  18.0   11:26     E
21  22.6  25.2   09:54  20.9   23:59   0.0   4.3  36.2   1.9  27.0   09:13     E
22  23.1  28.3   13:28  20.1   04:50   0.0   4.8  10.2   2.4  24.0   16:09     E
23  23.5  28.3   15:16  19.8   05:08   0.0   5.2   0.2   1.5  19.0   11:52     E
24  23.5  28.6   15:42  20.2   23:28   0.0   5.1   0.0   0.7  14.0   11:46     E
25  23.4  28.4   13:15  19.1   03:10   0.0   5.1   1.6   0.4  11.0   11:47     E
26  25.2  29.7   11:58  21.7   05:26   0.0   6.8   0.6   0.3  11.0   16:27   WNW
27  24.7  27.9   14:20  22.8   22:41   0.0   6.4   0.6   1.6  19.0   15:50   ESE
28  25.0  31.0   14:14  20.6   05:57   0.0   6.7   0.0   2.5  23.0   15:54     E
29  24.0  28.6   11:31  21.1   04:51   0.0   5.7   5.6   2.0  23.0   14:56     E
30  24.5  29.2   13:51  21.3   05:22   0.0   6.1   0.2   1.4  19.0   13:54   ESE
31  24.4  29.3   12:21  21.1   03:12   0.0   6.1   0.0   2.1  23.0   11:13   ESE
----------------------------------------------------------------------------------
    24.0  36.2     4    17.4    16     0.1 177.0 152.6   1.6  29.0     7       E

Max >=  27.0: 24
Max <=   0.0:  0
Min <=   0.0:  0
Min <= -18.0:  0
Max Rain: 45.6 on day 6
Days of Rain: 22 (>= 0.2 mm)  10 (>= 2.0 mm)  2 (>= 20.0 mm)
Heat Base: 18.3  Cool Base: 18.3  Method: Integration