Select a Year or Month report

Report for 2018 May
                   Monthly Climatological Summary for May 2018

Name: Carina Weather   City: Carina, Brisbane   State: Queensland
Elevation: 18 m  Lat: S 27 29' 04"   Lon: E 153 05' 43"

                  Temperature (C), Rain (mm), Wind Speed (km/h)

                                      Heat  Cool        Avg
    Mean                              Deg   Deg         Wind                 Dom
Day Temp  High   Time   Low    Time   Days  Days  Rain  Speed High   Time    Dir
----------------------------------------------------------------------------------
 1  19.4  25.6   12:35  14.3   05:05   0.0   1.1   0.0   1.6  19.0   12:40     E
 2  20.2  26.1   12:55  16.6   06:30   0.0   1.9   0.0   0.9  16.0   15:10     E
 3  22.5  28.4   13:15  17.8   00:00   0.0   4.2   0.4   0.2  11.0   11:47     E
 4  21.5  28.1   13:20  16.1   06:20   0.4   3.5   0.0   0.5  10.0   14:30   WNW
 5  21.5  27.0   12:50  17.8   02:50   0.0   3.3   0.0   2.3  21.0   09:20   ESE
 6  20.2  25.7   12:50  15.3   05:50   0.6   2.5   0.0   2.2  29.0   11:10   ESE
 7  19.8  24.3   10:10  16.1   06:20   0.4   1.9   6.6   1.1  16.0   10:20   ESE
 8  19.9  22.2   12:50  18.6   02:00   0.0   1.6  13.8   0.6  11.0   13:00   ESE
 9  20.7  27.4   15:00  16.8   23:50   0.2   2.6   0.0   0.6  11.0   11:40   WNW
10  20.5  27.9   14:30  14.4   06:30   0.9   3.1   0.2   0.5  13.0   13:40   WNW
11  18.1  22.5   14:00  14.1   23:40   1.1   0.9   0.0   3.4  32.0   12:00   WNW
12  16.5  22.4   14:50  10.6   06:20   2.5   0.8   0.0   3.0  23.0   11:20   WNW
13  16.3  24.3   15:30   9.7   06:20   3.2   1.2   0.0   0.7  11.0   08:30   WNW
14  16.9  24.4   14:20  10.4   05:30   2.8   1.4   0.0   0.7  13.0   15:50     E
15  17.4  25.2   14:00  12.7   23:10   2.4   1.5   0.0   0.6  11.0   09:30    NE
16  17.4  24.6   14:00  11.6   06:20   2.3   1.4   0.0   0.8  16.0   15:50   ESE
17  17.1  22.7   11:20  12.2   05:30   2.1   1.0   0.0   1.1  14.0   12:40   ESE
18  17.3  25.1   13:40  13.0   06:40   2.5   1.4   0.0   0.3   8.0   09:40   ENE
19  16.5  25.0   14:20  10.8   04:50   3.1   1.4   0.2   0.4   8.0   09:40   ENE
20  17.4  25.1   13:50  10.9   06:20   2.6   1.7   0.0   0.8  14.0   14:10   WNW
21  15.8  24.8   14:30   9.8   01:40   3.6   1.2   0.0   0.6  14.0   09:40     N
22  15.8  25.1   14:50   8.5   06:07   3.8   1.4   0.0   0.9  16.0   12:19   WNW
23  16.7  24.7   12:12   9.3   05:53   3.1   1.5   0.0   1.2  16.0   13:21     E
24  17.5  24.6   12:37  13.1   06:10   2.1   1.3   0.0   0.6  10.0   08:21     E
25  17.9  23.8   12:23  13.1   03:11   1.7   1.3   0.0   1.4  19.0   13:04     E
26  17.1  22.7   12:04  14.5   06:48   1.8   0.6   3.6   1.3  23.0   11:52     E
27  17.7  22.5   13:02  14.3   04:44   1.5   1.0   1.4   1.1  18.0   10:08   ESE
28  17.8  22.8   11:17  14.3   06:36   1.2   0.7   4.4   1.2  18.0   19:30     E
29  17.7  24.0   12:04  14.7   23:59   1.4   0.7   4.6   0.3  19.0   12:46     E
30  18.1  26.2   15:29  13.4   05:05   1.8   1.6   0.2   0.7  13.0   21:07   WNW
31  14.9  22.1   15:40   7.2   06:46   3.9   0.5   0.0   1.6  16.0   18:30   WNW
----------------------------------------------------------------------------------
    18.2  28.4     3     7.2    31    53.0  50.2  35.4   1.1  32.0    11     ENE

Max >=  27.0:  5
Max <=   0.0:  0
Min <=   0.0:  0
Min <= -18.0:  0
Max Rain: 13.8 on day 8
Days of Rain: 10 (>= 0.2 mm)  5 (>= 2.0 mm)  0 (>= 20.0 mm)
Heat Base: 18.3  Cool Base: 18.3  Method: Integration