Select a Year or Month report

Report for 2018 Jul
                   Monthly Climatological Summary for Jul 2018

Name: Carina Weather   City: Carina, Brisbane   State: Queensland
Elevation: 18 m  Lat: S 27 29' 04"   Lon: E 153 05' 43"

                  Temperature (C), Rain (mm), Wind Speed (km/h)

                                      Heat  Cool        Avg
    Mean                              Deg   Deg         Wind                 Dom
Day Temp  High   Time   Low    Time   Days  Days  Rain  Speed High   Time    Dir
----------------------------------------------------------------------------------
 1  18.0  22.6   12:49  14.6   03:56   1.3   1.0   0.2   0.1   8.0   16:26     E
 2  18.2  24.1   13:35  14.6   04:17   1.2   1.2   2.0   0.4  14.0   14:11   ENE
 3  17.4  22.8   13:24  12.2   05:48   1.9   0.9   0.0   1.3  18.0   10:35    NE
 4  18.0  23.7   13:12  14.7   06:23   1.5   1.2   0.2   1.6  18.0   11:17     E
 5  18.6  22.7   11:44  16.1   06:44   0.6   1.0  12.8   0.2  10.0   13:03     E
 6  20.2  23.7   13:33  18.1   00:00   0.0   1.9   4.8   0.9  14.0   09:52   WNW
 7  19.8  24.5   12:56  14.2   23:58   0.4   1.9   0.2   1.5  24.0   19:57   WNW
 8  14.6  20.2   15:26   9.5   06:53   3.8   0.2   0.0   2.8  19.0   15:44   WNW
 9  13.5  20.4   13:37   8.8   06:43   5.0   0.2   0.0   1.0  19.0   01:50   WNW
10  14.3  21.4   14:09   9.7   00:39   4.4   0.4   0.0   1.0  14.0   12:01     E
11  14.9  20.7   11:59   9.1   04:37   3.6   0.3   2.0   1.1  16.0   15:02     E
12  16.1  22.4   12:19  12.1   22:49   2.8   0.6   0.4   0.2   8.0   11:14   ENE
13  14.3  21.4   15:08   9.4   05:33   4.4   0.5   0.2   1.2  19.0   12:58   WNW
14  12.1  20.8   14:14   4.7   07:10   6.5   0.3   0.0   0.8  13.0   08:45   WNW
15  11.6  21.1   14:42   5.1   05:56   7.1   0.4   0.0   0.5  10.0   11:52    NW
16  14.0  23.2   14:30   7.0   06:57   5.2   0.9   0.0   0.4  10.0   10:52   WNW
17  12.8  23.8   15:04   5.2   06:40   6.4   0.9   0.0   0.3  10.0   13:00   NNE
18  12.8  24.9   15:08   5.0   06:03   6.6   1.1   0.0   0.3  13.0   13:36   NNW
19  13.6  23.7   13:57   4.9   06:44   5.7   1.0   0.0   0.4  10.0   13:27   WNW
20  16.3  25.0   13:40   8.2   05:24   3.3   1.4   0.0   1.0  18.0   14:22   WNW
21  13.4  20.5   14:03   8.3   21:19   5.1   0.2   0.0   1.2  14.0   04:30   NNW
22  12.6  20.8   11:54   7.7   04:06   6.0   0.3   0.0   0.8  13.0   12:46     E
23  13.5  22.9   12:36   6.9   04:14   5.5   0.7   0.0   0.4   8.0   09:10    NW
24  14.9  23.9   13:01   7.6   05:40   4.5   1.1   0.0   0.4   8.0   12:41   WNW
25  15.9  23.8   13:59   9.4   05:53   3.5   1.1   0.4   0.1   6.0   10:17    NW
26  18.1  26.3   12:46  12.1   23:43   2.0   1.8   0.0   0.3   8.0   00:57    NE
27  17.4  25.1   12:59  10.7   04:22   2.4   1.5   0.2   0.7  16.0   16:50   WNW
28  18.1  26.6   13:33  11.2   06:22   2.1   1.9   0.0   0.4  10.0   15:07   WNW
29  18.1  25.6   13:45  11.8   05:42   1.9   1.7   0.2   0.7  16.0   23:38   WNW
30  17.3  23.7   14:26  12.6   06:45   2.2   1.2   1.2   1.4  19.0   12:19   WNW
31  14.2  23.6   13:38   6.8   04:53   5.1   1.0   0.0   0.6  10.0   12:12    NW
----------------------------------------------------------------------------------
    15.6  26.6    28     4.7    14   112.0  29.8  24.8   0.8  24.0     7      NW

Max >=  27.0:  0
Max <=   0.0:  0
Min <=   0.0:  0
Min <= -18.0:  0
Max Rain: 12.8 on day 5
Days of Rain: 13 (>= 0.2 mm)  4 (>= 2.0 mm)  0 (>= 20.0 mm)
Heat Base: 18.3  Cool Base: 18.3  Method: Integration