Select a Year or Month report

Report for 2018 Sep
                   Monthly Climatological Summary for Sep 2018

Name: Carina Weather   City: Carina, Brisbane   State: Queensland
Elevation: 16 m  Lat: S 27 29' 04"   Lon: E 153 05' 43"

                  Temperature (C), Rain (mm), Wind Speed (km/h)

                                      Heat  Cool        Avg
    Mean                              Deg   Deg         Wind                 Dom
Day Temp  High   Time   Low    Time   Days  Days  Rain  Speed High   Time    Dir
----------------------------------------------------------------------------------
 1  20.3  26.9   14:36  14.4   23:38   0.5   2.6   0.0   2.5  27.0   13:49   WNW
 2  18.4  25.9   12:17  10.6   05:50   1.9   2.0   0.0   1.8  21.0   16:39     E
 3  16.1  20.3   12:26  11.9   06:11   2.5   0.3   0.0   2.3  23.0   12:35     E
 4  15.7  21.4   12:35  12.3   03:07   2.9   0.3  10.8   2.7  24.0   11:52     E
 5  15.8  22.0   13:03  12.3   02:07   2.8   0.3   3.0   1.7  23.0   14:04     E
 6  16.3  21.3   11:21  11.9   05:01   2.6   0.6   0.2   0.3  10.0   11:21   ENE
 7  19.0  24.8   13:13  12.6   03:23   1.5   2.2   0.2   1.4  18.0   10:48     W
 8  19.8  25.4   12:32  16.8   23:57   0.2   1.7   3.6   0.4  13.0   16:04   WNW
 9  18.4  26.8   14:24  12.7   05:51   1.8   2.0   0.2   0.8  14.0   10:14   NNW
10  17.8  25.3   13:10  12.1   05:28   2.2   1.7   0.2   1.8  21.0   15:55     E
11  17.8  25.5   13:11  11.8   05:37   2.1   1.6   0.0   1.3  19.0   14:43     E
12  18.1  25.6   12:45  12.2   05:36   2.0   1.8   0.0   0.9  11.0   10:00   WNW
13  18.9  26.4   12:28  12.3   05:49   1.7   2.4   0.0   0.9  11.0   15:02    NW
14  19.4  26.6   12:52  14.1   02:46   1.3   2.4   0.0   0.8  13.0   11:59   ENE
15  20.0  27.1   12:25  13.2   04:15   1.2   2.9   0.0   1.3  14.0   16:34   WNW
16  19.2  27.3   11:38  14.1   05:32   1.2   2.1   0.0   3.5  32.0   14:59     E
17  17.1  23.6   12:12  11.7   03:29   2.3   1.1   0.0   2.8  23.0   10:39   ESE
18  17.5  24.1   12:58  11.6   05:34   2.3   1.5   0.0   0.7  11.0   14:52   ENE
19  19.0  25.3   12:44  11.7   03:46   1.7   2.4   0.0   1.4  16.0   14:24   WNW
20  20.2  27.4   11:09  14.1   05:43   1.0   2.9   0.0   1.5  18.0   11:53     E
21  17.8  23.6   10:56  12.4   05:34   1.9   1.4   0.0   3.5  24.0   11:12     E
22  17.6  25.1   13:20  11.9   01:29   2.4   1.8   0.0   1.3  18.0   11:04     E
23  18.6  26.3   13:06  12.3   03:36   2.0   2.3   0.0   0.7  13.0   15:25   ENE
24  18.7  25.9   12:16  12.9   05:49   1.4   1.7   0.0   2.8  31.0   15:30     E
25  17.4  21.0   11:26  14.6   22:44   1.4   0.5   0.0   2.3  21.0   14:10     E
26  18.7  24.8   13:07  13.6   03:49   1.3   1.8   0.4   1.0  13.0   14:09     N
27  18.4  23.8   13:59  13.9   05:26   1.4   1.5   0.2   0.6  13.0   13:51     E
28  21.0  27.4   12:07  15.1   00:29   0.6   3.4   0.0   1.2  13.0   14:11   WNW
29  21.1  28.3   11:42  14.8   05:22   0.5   3.2   0.0   1.2  18.0   12:11    NW
30  17.4  20.0   16:01  15.0   21:33   1.1   0.2  13.0   2.4  24.0   05:50     E
----------------------------------------------------------------------------------
    18.4  28.3    29    10.6     2    49.7  52.6  31.8   1.6  32.0    16       E

Max >=  27.0:  5
Max <=   0.0:  0
Min <=   0.0:  0
Min <= -18.0:  0
Max Rain: 13.0 on day 30
Days of Rain: 10 (>= 0.2 mm)  4 (>= 2.0 mm)  0 (>= 20.0 mm)
Heat Base: 18.3  Cool Base: 18.3  Method: Integration