Select a Year or Month report

Report for 2018 Oct
                   Monthly Climatological Summary for Oct 2018

Name: Carina Weather   City: Carina, Brisbane   State: Queensland
Elevation: 16 m  Lat: S 27 29' 04"   Lon: E 153 05' 43"

                  Temperature (C), Rain (mm), Wind Speed (km/h)

                                      Heat  Cool        Avg
    Mean                              Deg   Deg         Wind                 Dom
Day Temp  High   Time   Low    Time   Days  Days  Rain  Speed High   Time    Dir
----------------------------------------------------------------------------------
 1  17.9  24.3   12:20  11.6   03:28   2.0   1.6   0.0   2.9  24.0   15:01   ESE
 2  18.0  24.6   12:52  12.2   05:34   2.1   1.8   0.0   2.1  26.0   15:37   ESE
 3  18.7  26.0   13:41  11.7   05:42   1.9   2.3   0.0   0.8  10.0   11:25    NE
 4  19.8  26.1   12:13  12.0   05:27   1.4   2.9   0.0   1.1  13.0   10:18   WNW
 5  20.7  26.6   11:23  16.2   03:59   0.3   2.7   0.0   0.7  11.0   14:20   WNW
 6  18.3  22.8   11:10  16.2   05:05   0.7   0.7  13.0   0.5  10.0   15:08     E
 7  19.5  24.8   10:04  15.7   04:58   0.7   2.0   0.2   1.2  16.0   11:21     E
 8  20.8  28.6   14:12  14.6   04:52   0.7   3.3   4.4   0.8  13.0   15:54   NNE
 9  20.6  26.7   11:43  16.1   03:21   0.5   2.8   0.2   0.9  13.0   16:11    NW
10  22.3  29.1   12:38  15.5   05:03   0.5   4.5   0.2   1.4  27.0   20:46    NW
11  19.8  24.8   09:07  16.5   23:07   0.1   1.7   7.4   3.2  29.0   15:36     E
12  17.7  21.0   09:57  15.7   22:26   1.1   0.4   8.4   3.1  32.0   11:01   ESE
13  16.8  18.4   09:26  15.4   01:21   1.5   0.0  20.6   1.8  19.0   13:00     E
14  18.4  20.7   10:51  16.3   03:46   0.5   0.5  22.8   2.4  29.0   14:03     E
15  19.3  21.9   14:09  17.8   02:48   0.1   1.1  52.0   4.3  31.0   14:24   ESE
16  21.9  26.6   13:50  19.3   00:00   0.0   3.6   9.6   3.1  24.0   00:55     E
17  22.0  26.8   12:48  18.0   03:17   0.0   3.7   0.2   1.0  13.0   07:34     E
18  21.7  26.4   11:43  18.3   01:15   0.0   3.4   4.4   1.0  16.0   12:16     E
19  21.5  26.8   09:47  17.4   05:26   0.1   3.3   0.0   0.9  13.0   14:52     E
20  22.0  28.2   13:48  16.5   05:05   0.2   3.9   0.0   0.7  10.0   13:06   NNE
21  21.0  28.7   11:23  16.3   23:30   0.3   3.0  16.0   0.6  23.0   15:14   NNW
22  21.3  28.5   13:47  15.2   03:16   0.7   3.7   0.2   1.3  19.0   16:13     E
23  22.9  29.0   11:51  17.7   01:30   0.0   4.6   0.0   0.9  11.0   13:33   ENE
24  24.3  32.3   14:02  17.7   05:09   0.0   6.1   0.0   1.0  13.0   07:31    NE
25  23.4  29.2   12:42  18.9   04:46   0.0   5.1   0.8   1.3  16.0   19:52     E
26  24.6  32.1   14:39  17.5   05:03   0.0   6.4   0.0   2.0  24.0   17:47     E
27  23.6  29.3   12:03  19.0   05:25   0.0   5.3   0.0   0.8  13.0   11:01     E
28  22.7  30.4   13:04  18.2   05:07   0.0   4.4   0.6   2.9  31.0   18:42   ESE
29  18.6  20.8   09:48  15.9   23:56   0.3   0.6   3.2   1.8  19.0   09:13     E
30  20.2  26.6   13:15  14.4   04:16   1.0   2.8   0.0   0.6  13.0   16:36     E
31  21.3  28.2   14:40  14.9   02:40   0.8   3.8   0.0   0.8  10.0   16:07   WNW
----------------------------------------------------------------------------------
    20.7  32.3    24    11.6     1    17.5  92.0 164.2   1.5  32.0    12       E

Max >=  27.0: 12
Max <=   0.0:  0
Min <=   0.0:  0
Min <= -18.0:  0
Max Rain: 52.0 on day 15
Days of Rain: 18 (>= 0.2 mm)  11 (>= 2.0 mm)  3 (>= 20.0 mm)
Heat Base: 18.3  Cool Base: 18.3  Method: Integration