Select a Year or Month report

Report for 2018 Nov
                   Monthly Climatological Summary for Nov 2018

Name: Carina Weather   City: Carina, Brisbane   State: Queensland
Elevation: 16 m  Lat: S 27 29' 04"   Lon: E 153 05' 43"

                  Temperature (C), Rain (mm), Wind Speed (km/h)

                                      Heat  Cool        Avg
    Mean                              Deg   Deg         Wind                 Dom
Day Temp  High   Time   Low    Time   Days  Days  Rain  Speed High   Time    Dir
----------------------------------------------------------------------------------
 1  22.1  28.7   13:09  15.2   05:15   0.5   4.4   0.0   1.0  11.0   09:04    NE
 2  23.3  27.9   12:01  17.6   00:00   0.0   5.0   0.0   1.8  18.0   10:45    NW
 3  23.4  30.8   12:31  15.1   04:54   0.5   5.5   0.0   1.7  18.0   15:38   WNW
 4  25.1  31.8   11:54  18.1   04:45   0.0   6.8   0.0   1.3  14.0   15:17    NW
 5  26.1  32.6   12:30  20.2   04:18   0.0   7.8   0.0   1.0  14.0   13:48     N
 6  26.5  32.5   13:07  23.1   03:47   0.0   8.2   0.0   1.4  18.0   14:17    NW
 7  26.2  31.3   11:31  21.7   04:20   0.0   7.9   0.0   2.4  21.0   14:24   WNW
 8  21.4  26.2   16:06  16.9   23:47   0.1   3.1   0.8   2.7  24.0   17:36     E
 9  19.9  25.2   12:50  15.5   05:22   0.7   2.4   0.0   3.2  27.0   14:01   ESE
10  20.4  27.9   12:56  13.7   04:28   1.1   3.3   0.0   0.9  13.0   08:46     E
11  22.1  28.3   11:29  16.5   03:42   0.3   4.1   0.0   2.4  24.0   12:26   ESE
12  21.7  27.6   12:12  16.3   03:04   0.3   3.7   0.0   3.6  26.0   13:57   ESE
13  21.3  27.2   13:38  15.8   04:47   0.3   3.4   0.0   2.4  26.0   14:03   ESE
14  22.8  29.1   12:26  16.3   03:52   0.3   4.8   0.0   0.8  11.0   12:41   ENE
15  24.0  30.4   12:08  18.8   04:53   0.0   5.7   0.0   0.7  11.0   13:09   NNW
16  24.2  30.3   11:59  18.6   04:03   0.0   5.9   0.0   0.9  14.0   15:57   ENE
17  23.3  30.8   12:34  18.4   23:51   0.0   5.0  14.0   1.1  24.0   19:09   ENE
18  21.2  26.2   12:53  17.2   04:50   0.1   3.0   0.4   3.8  26.0   11:02   ESE
19  22.0  27.2   14:06  17.2   04:56   0.0   3.7   0.0   2.5  19.0   09:19     E
20  22.7  28.7   12:59  15.6   04:55   0.4   4.8   0.0   1.7  16.0   19:53   WNW
21  24.9  31.4   10:55  19.2   04:59   0.0   6.6   4.0   2.1  24.0   16:24   WNW
22  25.5  30.8   11:00  21.7   12:03   0.0   7.2   6.2   2.6  21.0   11:29   WNW
23  24.3  30.2   13:53  17.5   05:06   0.0   6.0   0.0   4.0  31.0   13:04   WNW
24  24.2  30.6   14:22  17.5   04:53   0.0   5.9   0.0   3.5  29.0   11:18   WNW
25  25.4  32.9   12:13  18.6   04:20   0.0   7.1   0.0   0.9  26.0   11:54   WNW
26  24.6  34.5   14:07  16.8   04:44   0.1   6.4   0.0   1.7  24.0   12:17   ENE
27  23.1  28.2   15:32  17.6   03:39   0.0   4.9   0.0   1.2  16.0   19:15    NW
28  28.2  36.8   14:10  22.3   04:45   0.0   9.9   1.8   3.9  35.0   14:30   WNW
29  25.6  34.6   14:39  20.3   23:58   0.0   7.3   0.0   2.0  19.0   00:52   WNW
30  24.6  30.4   12:48  18.6   04:48   0.0   6.3   0.0   1.1  16.0   14:13     N
----------------------------------------------------------------------------------
    23.7  36.8    28    13.7    10     4.7 166.1  27.2   2.0  35.0    28     NNW

Max >=  27.0: 27
Max <=   0.0:  0
Min <=   0.0:  0
Min <= -18.0:  0
Max Rain: 14.0 on day 17
Days of Rain: 6 (>= 0.2 mm)  3 (>= 2.0 mm)  0 (>= 20.0 mm)
Heat Base: 18.3  Cool Base: 18.3  Method: Integration