Select a Year or Month report

Report for 2018 Dec
                   Monthly Climatological Summary for Dec 2018

Name: Carina Weather   City: Carina, Brisbane   State: Queensland
Elevation: 16 m  Lat: S 27 29' 04"   Lon: E 153 05' 43"

                  Temperature (C), Rain (mm), Wind Speed (km/h)

                                      Heat  Cool        Avg
    Mean                              Deg   Deg         Wind                 Dom
Day Temp  High   Time   Low    Time   Days  Days  Rain  Speed High   Time    Dir
----------------------------------------------------------------------------------
 1  26.7  33.7   12:49  21.1   05:10   0.0   8.4   0.0   1.3  16.0   16:46   WNW
 2  27.4  34.1   12:09  21.9   04:56   0.0   9.1   0.0   1.4  16.0   13:04   WNW
 3  25.7  30.7   12:00  20.1   23:51   0.0   7.4   0.0   2.8  23.0   08:02   ESE
 4  24.0  30.3   12:15  19.4   04:12   0.0   5.7   1.2   1.3  18.0   15:25     E
 5  22.6  28.0   10:35  19.7   04:34   0.0   4.3   1.4   4.8  35.0   12:36   ESE
 6  22.2  26.9   12:31  17.9   02:42   0.0   3.9   0.0   6.4  32.0   13:06   ESE
 7  21.8  25.1   09:56  18.4   04:38   0.0   3.5   0.0   4.4  24.0   08:46   ESE
 8  22.5  26.3   11:20  19.8   03:25   0.0   4.2   0.0   3.4  24.0   10:44   ESE
 9  24.1  29.1   11:48  19.6   04:56   0.0   5.8   0.0   2.3  26.0   10:37   ESE
10  24.9  30.8   12:59  19.3   03:57   0.0   6.6   0.0   1.1  16.0   09:22     E
11  24.7  31.1   12:20  19.2   04:43   0.0   6.4   0.0   1.3  19.0   16:34     E
12  24.7  30.1   11:44  18.9   04:46   0.0   6.4   0.0   1.3  14.0   13:25   ENE
13  25.3  30.5   13:17  20.3   04:59   0.0   7.0   0.0   2.3  29.0   18:03   WNW
14  25.9  31.1   12:49  23.2   04:51   0.0   7.6   0.2   2.2  19.0   14:48   WNW
15  26.2  30.6   10:03  22.2   02:41   0.0   7.9   3.6   2.2  19.0   07:18   WNW
16  23.7  25.0   08:50  21.8   21:18   0.0   5.4  44.2   1.1  14.0   09:12    NE
17  24.1  29.3   13:06  20.5   03:06   0.0   5.8  10.8   1.2  13.0   13:51     E
18  25.1  30.5   13:30  21.7   05:09   0.0   6.8   1.6   1.9  19.0   09:47   ESE
19  26.2  31.5   13:28  22.1   00:47   0.0   7.9   0.0   1.1  13.0   15:52     E
20  27.5  33.2   12:57  23.1   05:12   0.0   9.2   0.0   1.7  16.0   17:00   WNW
21  28.4  34.4   14:00  23.6   04:08   0.0  10.1   1.2   1.8  23.0   17:41   WNW
22  26.6  35.2   15:16  22.0   23:36   0.0   8.3   0.6   2.7  32.0   16:54     E
23  23.4  27.3   14:56  19.1   04:52   0.0   5.1   0.0   5.4  34.0   15:27   ESE
24  22.7  28.0   14:13  18.1   23:47   0.0   4.4   0.6   3.1  29.0   09:54   ESE
25  22.6  28.8   13:29  16.2   04:21   0.3   4.6   0.0   1.1  14.0   09:15     E
26  23.2  29.6   12:27  16.9   04:48   0.3   5.1   0.0   1.1  16.0   12:00     E
27  23.8  30.2   12:42  17.8   03:49   0.0   5.6   0.0   1.4  21.0   16:33     E
28  24.4  30.3   12:06  19.1   02:59   0.0   6.1   0.0   1.4  18.0   09:20     E
29  25.3  31.3   12:32  18.6   05:05   0.0   7.0   0.0   1.4  14.0   08:27     E
30  26.2  31.2   12:13  21.7   23:59   0.0   7.9   0.0   1.3  16.0   07:34     E
31  25.7  31.8   13:11  19.7   02:57   0.0   7.4   0.0   1.1  14.0   10:13     E
----------------------------------------------------------------------------------
    24.8  35.2    22    16.2    25     0.6 200.9  65.4   2.2  35.0     5       E

Max >=  27.0: 27
Max <=   0.0:  0
Min <=   0.0:  0
Min <= -18.0:  0
Max Rain: 44.2 on day 16
Days of Rain: 10 (>= 0.2 mm)  3 (>= 2.0 mm)  1 (>= 20.0 mm)
Heat Base: 18.3  Cool Base: 18.3  Method: Integration