Select a Year or Month report

Report for 2019 Jan
                   Monthly Climatological Summary for Jan 2019

Name: Carina Weather   City: Carina, Brisbane   State: Queensland
Elevation: 16 m  Lat: S 27 29' 04"   Lon: E 153 05' 43"

                  Temperature (C), Rain (mm), Wind Speed (km/h)

                                      Heat  Cool        Avg
    Mean                              Deg   Deg         Wind                 Dom
Day Temp  High   Time   Low    Time   Days  Days  Rain  Speed High   Time    Dir
----------------------------------------------------------------------------------
 1  26.5  32.1   13:16  22.2   03:47   0.0   8.2   0.0   1.1  14.0   15:32    NE
 2  26.1  32.3   11:17  19.8   04:35   0.0   7.8   0.0   1.2  14.0   13:18   ENE
 3  24.8  29.2   14:34  21.1   05:40   0.0   6.5  12.4   1.0  13.0   16:41     E
 4  26.2  31.3   12:20  22.1   04:47   0.0   7.9   1.0   1.2  16.0   13:41     E
 5  26.2  31.7   12:31  20.9   04:06   0.0   7.9   0.0   0.9  14.0   09:19     E
 6  26.7  31.6   11:30  23.1   03:04   0.0   8.4   0.0   1.2  13.0   10:47     E
 7  25.8  30.9   11:38  23.7   22:40   0.0   7.5   0.8   2.6  23.0   12:11   ESE
 8  26.1  30.9   14:21  22.7   07:01   0.0   7.8   1.2   1.2  11.0   11:03     E
 9  26.4  31.1   12:31  23.0   04:04   0.0   8.1   0.0   0.9  11.0   11:09   NNW
10  26.7  31.1   14:37  23.1   23:50   0.0   8.4   0.0   0.9  14.0   13:28     E
11  26.0  31.7   12:59  21.3   02:35   0.0   7.7   0.0   2.0  21.0   14:30     E
12  25.5  31.7   11:41  19.9   02:45   0.0   7.2   0.0   1.9  23.0   13:15     E
13  25.8  31.7   14:05  20.4   05:00   0.0   7.5   0.0   3.2  23.0   15:38   ESE
14  25.9  31.8   14:29  21.4   04:22   0.0   7.7   0.0   2.8  21.0   07:36   ESE
15  25.9  31.9   12:31  21.2   03:46   0.0   7.6   0.0   0.8  13.0   13:58     E
16  27.4  33.5   12:02  21.9   05:14   0.0   9.1   0.0   1.4  14.0   17:17   NNE
17  26.8  32.4   13:56  22.8   05:14   0.0   8.5   0.0   1.2  14.0   12:08   ENE
18  26.7  32.9   11:59  20.7   04:08   0.0   8.4   0.0   1.3  16.0   12:10   NNE
19  26.5  33.3   13:10  20.3   04:42   0.0   8.2   0.0   1.3  14.0   11:03   WNW
20  26.9  33.0   12:29  21.1   05:05   0.0   8.6   0.0   1.2  14.0   10:31     E
21  27.2  33.1   12:39  22.2   04:30   0.0   8.9   0.0   1.8  19.0   14:30     E
22  27.1  32.9   11:11  21.4   03:58   0.0   8.8   0.0   1.3  14.0   11:20     E
23  27.7  33.5   13:20  22.7   04:22   0.0   9.4   0.0   1.8  14.0   14:37   WNW
24  28.3  34.1   12:20  23.9   04:18   0.0  10.0   0.0   1.4  13.0   08:19     N
25  28.0  33.7   12:04  24.3   05:40   0.0   9.7   0.2   1.0  18.0   12:31    NE
26  27.4  33.1   13:00  23.1   03:17   0.0   9.1   0.0   1.6  16.0   15:11   WNW
27  27.3  32.8   12:05  21.4   05:40   0.0   9.0   0.0   2.1  19.0   14:18     W
28  27.2  33.3   13:31  21.2   05:19   0.0   8.9   2.2   1.3  14.0   10:35    NE
29  27.2  32.5   11:51  21.9   04:59   0.0   8.9   0.0   1.3  16.0   12:02   ENE
30  26.9  33.1   13:01  22.5   02:53   0.0   8.6   0.2   1.4  16.0   13:02   ENE
31  27.5  33.7   12:11  22.7   05:42   0.0   9.2   0.4   1.2  16.0   14:36     E
----------------------------------------------------------------------------------
    26.7  34.1    24    19.8     2     0.0 259.5  18.4   1.5  23.0     7     ENE

Max >=  27.0: 31
Max <=   0.0:  0
Min <=   0.0:  0
Min <= -18.0:  0
Max Rain: 15.6 on day 3
Days of Rain: 8 (>= 0.2 mm)  2 (>= 2.0 mm)  0 (>= 20.0 mm)
Heat Base: 18.3  Cool Base: 18.3  Method: Integration