Select a Year or Month report

Report for 2019 Feb
                   Monthly Climatological Summary for Feb 2019

Name: Carina Weather   City: Carina, Brisbane   State: Queensland
Elevation: 16 m  Lat: S 27 29' 04"   Lon: E 153 05' 43"

                  Temperature (C), Rain (mm), Wind Speed (km/h)

                                      Heat  Cool        Avg
    Mean                              Deg   Deg         Wind                 Dom
Day Temp  High   Time   Low    Time   Days  Days  Rain  Speed High   Time    Dir
----------------------------------------------------------------------------------
 1  26.7  33.2   13:56  22.1   04:13   0.0   8.4   0.0   2.4  23.0   12:20   ESE
 2  26.3  31.6   10:20  22.3   04:41   0.0   8.0   0.8   3.2  23.0   10:30   ESE
 3  25.1  31.1   14:34  20.8   04:47   0.0   6.8   4.2   1.9  23.0   13:49     E
 4  25.3  31.6   15:13  21.1   05:09   0.0   6.9   2.4   2.0  23.0   11:35   ESE
 5  25.2  31.4   12:51  21.7   00:23   0.0   6.9   4.8   3.8  32.0   14:35   ESE
 6  25.2  30.4   14:56  21.8   02:38   0.0   6.9  17.0   2.7  24.0   12:00   ESE
 7  25.1  29.9   11:54  21.6   05:10   0.0   6.8   2.6   2.5  23.0   12:00   ESE
 8  25.6  30.6   13:52  22.6   05:08   0.0   7.3   5.0   1.2  16.0   08:52     E
 9  27.0  33.1   12:38  21.4   05:15   0.0   8.7   0.0   1.1  13.0   12:06    NW
10  27.2  32.4   12:23  22.2   05:24   0.0   8.9   0.0   3.4  24.0   15:11   ESE
11  26.7  32.0   14:00  22.9   05:54   0.0   8.4   0.4   1.4  14.0   16:50     E
12  28.0  34.6   12:25  22.8   03:30   0.0   9.7   0.4   1.9  19.0   19:42     W
13  28.5  34.3   11:54  22.7   05:09   0.0  10.2   0.0   1.6  18.0   14:56     W
14  26.7  31.1   12:03  23.8   22:48   0.0   8.4   0.0   5.7  35.0   09:47     E
15  25.8  30.3   13:55  22.6   23:50   0.0   7.5   0.0   6.0  35.0   16:51   ESE
16  25.0  30.3   11:46  20.2   05:09   0.0   6.7   0.0   4.3  27.0   17:19   ESE
17  25.0  31.5   13:03  19.6   05:12   0.0   6.7   0.0   2.6  24.0   14:50     E
18  25.1  31.6   13:51  20.3   02:25   0.0   6.8   0.0   1.5  21.0   16:29     E
19  25.8  33.9   13:11  18.8   05:24   0.0   7.5   0.0   0.9  11.0   12:24     E
20  27.4  33.7   13:32  22.5   03:10   0.0   9.1   0.0   2.2  19.0   12:50   ESE
21  27.7  32.2   15:19  24.7   04:33   0.0   9.4   0.0   5.2  32.0   16:17     E
22  26.4  31.3   12:06  22.6   23:44   0.0   8.1   0.0   5.2  40.0   10:17     E
23  25.4  31.7   13:51  20.7   05:40   0.0   7.1   0.0   4.2  31.0   13:51     E
24  24.5  29.9   14:03  20.2   04:27   0.0   6.2   0.0   5.1  31.0   16:16     E
25  23.1  28.1   13:51  19.0   06:01   0.0   4.8   1.6   4.6  32.0   11:26     E
26  22.4  27.2   14:53  18.8   23:58   0.0   4.0   0.6   3.8  23.0   12:55   ESE
27  22.9  29.9   11:33  18.3   01:22   0.0   4.6   0.0   2.8  26.0   13:55   ESE
28  22.7  26.8   14:55  20.3   03:23   0.0   4.4   0.8   1.8  19.0   11:32     E
----------------------------------------------------------------------------------
    25.6  34.6    12    18.3    27     0.0 205.2  40.6   3.0  40.0    22       E

Max >=  27.0: 27
Max <=   0.0:  0
Min <=   0.0:  0
Min <= -18.0:  0
Max Rain: 17.0 on day 6
Days of Rain: 12 (>= 0.2 mm)  6 (>= 2.0 mm)  0 (>= 20.0 mm)
Heat Base: 18.3  Cool Base: 18.3  Method: Integration