Select a Year or Month report

Report for 2019 Mar
                   Monthly Climatological Summary for Mar 2019

Name: Carina Weather   City: Carina, Brisbane   State: Queensland
Elevation: 16 m  Lat: S 27 29 03   Lon: E 153 05 43

                  Temperature (°C), Rain (mm), Wind Speed (km/h)

                                      Heat  Cool        Avg
    Mean                              Deg   Deg         Wind                 Dom
Day Temp  High   Time   Low    Time   Days  Days  Rain  Speed High   Time    Dir
----------------------------------------------------------------------------------
01  23.7  29.0   13:41  19.9   02:22   0.0   5.3   0.6   2.9  24.0   13:49   ESE
02  22.5  28.4   11:17  19.7   05:27   0.0   4.1   6.8   2.7  24.0   12:48   ESE
03  23.5  29.4   12:15  19.5   04:52   0.0   5.2   1.8   2.8  21.0   13:01   ESE
04  24.3  29.7   12:40  19.8   03:56   0.0   5.9   0.0   4.9  24.0   15:30   ESE
05  25.2  31.7   13:10  20.3   05:34   0.0   6.9   0.0   1.8  23.0   14:48   ESE
06  26.4  32.9   13:15  21.7   05:49   0.0   8.1   0.0   1.1  13.0   14:54   WNW
07  26.6  33.6   13:10  21.9   05:55   0.0   0.0   3.0   3.8  29.0   16:20   ESE
08  25.4  31.2   13:15  22.4   05:30   0.0   7.1   0.2   1.8  21.0   10:36   ESE
09  26.4  32.7   13:01  22.3   03:34   0.0   8.1   0.0   1.0  14.0   13:42     E
10  27.1  33.4   12:59  22.7   04:29   0.0   8.8   0.0   1.5  18.0   19:01   WNW
11  27.3  34.1   11:16  23.1   05:43   0.0   9.0   0.4   1.2  14.0   15:16   WNW
12  27.9  37.5   11:31  21.9   03:12   0.0   9.6   0.4   0.9  18.0   17:23   WNW
13  27.5  34.4   10:47  22.8   05:38   0.0   9.2   0.2   3.9  39.0   15:31   ESE
14  26.4  32.3   11:20  22.1   22:30   0.0   0.0   1.0   1.4  23.0   21:45     E
15  24.8  34.3   11:57  20.1   22:04   0.0   6.2  51.8   1.2  13.0   10:54     E
16  22.2  25.7   15:10  20.1   00:22   0.0   3.9  42.4   1.0  11.0   16:27   ESE
17  23.1  30.4   13:02  20.3   05:26   0.0   4.8  48.2   0.3  10.0   00:40     E
18  23.3  31.3   12:46  19.9   23:59   0.0   5.0  12.4   0.5  13.0   11:43   WNW
19  25.5  34.0   15:01  18.6   05:55   0.0   7.2   0.2   0.8  13.0   10:08   WNW
20  26.0  33.1   12:06  20.1   05:54   0.0   7.7   0.0   1.0  13.0   16:28     E
21  26.7  32.9   13:11  22.9   04:36   0.0   8.4   0.0   1.3  18.0   15:38     E
22  25.5  30.5   10:55  22.2   04:19   0.0   7.2  11.8   0.3  11.0   11:56     E
23  27.0  34.0   13:47  22.4   05:11   0.0   8.7   0.0   1.1  13.0   14:39   WNW
24  27.6  34.8   13:43  21.4   06:04   0.0   9.3   0.0   0.9  10.0   12:07    NW
25  26.9  33.3   13:01  21.8   05:51   0.0   8.6   0.0   1.0  11.0   20:37   WNW
26  27.1  31.4   13:48  23.8   05:44   0.0   8.8   0.0   0.7  13.0   10:09   WNW
27  21.7  24.5   02:05  19.3   21:10   0.0   3.4  17.4   1.3  29.0   06:17     E
28  21.8  24.9   12:19  19.1   03:17   0.0   3.5   2.6   2.3  23.0   12:24     E
29  24.5  30.3   13:22  19.6   05:27   0.0   6.2   0.0   1.1  16.0   10:38     E
30  24.0  27.7   11:52  19.3   23:57   0.0   5.7  17.4   1.0  19.0   10:12   WNW
31  20.2  28.2   15:32  14.5   05:59   0.8   2.7   0.2   1.2  14.0   10:08    NW
----------------------------------------------------------------------------------
    25.1  37.5    12    14.5    31     0.8 194.6 218.8   1.6  39.0    13       E

Max >=  27.0 28
Max <=   0.0  0
Min <=   0.0  0
Min <= -18.0  0
Max Rain: 51.8 on day 15
Days of Rain: 19 (>= 0.2 mm)  10 (>= 2.0 mm)  3 (>= 20.0 mm)
Heat Base: 18.3  Cool Base: 18.3  Method: Integration