Select a Year or Month report

Report for 2019 Apr
                   Monthly Climatological Summary for Apr 2019

Name: Carina Weather   City: Carina, Brisbane   State: Queensland
Elevation: 16 m  Lat: S 27 29 03   Lon: E 153 05 43

                  Temperature (°C), Rain (mm), Wind Speed (km/h)

                                      Heat  Cool        Avg
    Mean                              Deg   Deg         Wind                 Dom
Day Temp  High   Time   Low    Time   Days  Days  Rain  Speed High   Time    Dir
----------------------------------------------------------------------------------
01  20.5  26.9   13:20  14.1   05:48   0.9   3.1   0.0   2.1  21.0   16:01   ESE
02  21.0  27.2   11:27  16.6   02:01   0.2   2.9   7.0   2.2  26.0   14:32     E
03  20.9  25.6   11:00  17.8   23:48   0.0   2.6   7.2   2.4  21.0   14:43     E
04  21.9  27.9   14:04  17.7   00:56   0.1   3.6   0.2   3.2  29.0   17:32   ESE
05  21.6  27.7   13:11  17.2   04:13   0.2   3.5   2.6   2.4  24.0   15:12   ESE
06  21.8  28.1   11:44  17.8   23:14   0.0   3.6   0.6   0.8  14.0   11:27     E
07  22.2  29.3   11:41  16.9   04:43   0.2   4.1   0.0   0.6  10.0   13:31   ENE
08  22.7  30.1   12:48  17.1   05:15   0.2   4.6   0.0   0.5  10.0   12:59   NNW
09  23.2  29.8   12:10  17.3   05:34   0.1   5.0   0.0   0.8  11.0   10:25   WNW
10  22.5  27.2   11:47  18.3   04:09   0.0   4.2   0.0   3.4  32.0   14:46   ESE
11  21.4  26.3   12:53  17.8   23:28   0.0   3.1   0.0   2.5  24.0   11:13   ESE
12  19.5  24.4   12:03  15.6   03:54   0.6   1.8   3.0   1.4  24.0   10:59     E
13  20.4  26.5   13:50  14.4   04:58   0.8   2.9   0.2   2.1  23.0   17:00   ESE
14  20.9  26.6   11:36  15.9   06:10   0.5   3.1   0.0   1.7  18.0   14:12   ESE
15  20.5  26.4   11:21  16.7   06:15   0.3   2.5   0.4   1.0  16.0   10:58     E
16  20.5  26.7   14:22  16.2   01:34   0.4   2.7   0.0   1.6  18.0   12:54   ESE
17  20.9  26.7   14:17  16.4   06:04   0.4   3.0   0.0   1.7  19.0   14:31   ESE
18  21.9  28.1   13:26  16.8   02:33   0.3   3.9   0.0   1.4  23.0   16:21   ESE
19  21.5  26.5   11:49  18.4   05:59   0.0   3.2   9.8   2.1  32.0   11:18   ESE
20  21.1  25.1   14:27  19.3   04:32   0.0   2.8  25.4   1.5  23.0   11:43   ESE
21  21.5  26.1   11:30  18.7   06:29   0.0   3.2   2.0   2.3  26.0   11:05   ESE
22  21.1  25.9   13:16  17.7   05:45   0.0   2.8   4.2   2.1  19.0   13:46   ESE
23  20.9  24.9   11:54  18.2   23:38   0.0   2.6   0.4   1.5  21.0   12:20   ESE
24  21.5  25.9   12:20  17.1   03:54   0.2   3.4   0.0   2.2  21.0   12:06   ESE
25  21.6  28.2   13:57  18.4   23:02   0.0   3.3   0.0   0.5  16.0   14:08     E
26  21.4  27.6   14:09  17.8   23:23   0.0   3.1   0.0   0.1   6.0   15:24   ENE
27  21.8  28.1   11:27  16.5   04:16   0.4   3.8   0.0   2.3  23.0   16:01   ESE
28  21.6  28.3   12:58  16.8   23:57   0.2   3.5   0.0   0.4   8.0   09:54   ENE
29  19.9  25.5   12:42  15.9   05:05   0.7   2.3   0.0   2.2  23.0   10:29   ESE
30  19.6  24.8   11:56  15.6   00:24   0.5   1.8   1.0   1.5  18.0   11:13   ESE
----------------------------------------------------------------------------------
    21.3  30.1     8    14.1     1     7.2  96.0  64.0   1.7  32.0    10       E

Max >=  27.0 13
Max <=   0.0  0
Min <=   0.0  0
Min <= -18.0  0
Max Rain: 25.4 on day 20
Days of Rain: 14 (>= 0.2 mm)  8 (>= 2.0 mm)  1 (>= 20.0 mm)
Heat Base: 18.3  Cool Base: 18.3  Method: Integration