Select a Year or Month report

Report for 2019 May
                   Monthly Climatological Summary for May 2019

Name: Carina Weather   City: Carina, Brisbane   State: Queensland
Elevation: 16 m  Lat: S 27 29 03   Lon: E 153 05 43

                  Temperature (°C), Rain (mm), Wind Speed (km/h)

                                      Heat  Cool        Avg
    Mean                              Deg   Deg         Wind                 Dom
Day Temp  High   Time   Low    Time   Days  Days  Rain  Speed High   Time    Dir
----------------------------------------------------------------------------------
01  22.1  28.4   11:25  19.1   05:08   0.0   3.8   1.4   0.8  14.0   13:08     E
02  21.3  27.1   12:32  17.6   05:24   0.1   3.1   2.0   0.5  16.0   12:36     E
03  21.5  27.5   14:18  17.7   03:23   0.1   3.3   0.8   0.1   6.0   08:48   ENE
04  20.4  24.1   11:49  15.0   23:58   0.2   2.2   5.0   0.4  16.0   15:34   WNW
05  17.8  24.6   15:43  13.0   05:51   2.0   1.6   0.0   1.0  14.0   09:30   WNW
06  17.5  25.9   13:42  12.5   03:24   2.6   1.8   0.0   0.2   8.0   11:44    NW
07  17.9  26.3   14:23  12.1   05:09   2.5   2.1   0.0   0.4  13.0   13:47   WNW
08  19.3  27.9   14:44  12.7   06:37   1.8   2.8   0.0   0.5  16.0   11:25   WNW
09  18.0  27.2   13:23  10.7   05:04   2.6   2.3   0.0   0.1   6.0   08:07   ENE
10  19.9  26.9   12:04  14.2   02:51   1.2   2.8   5.0   1.1  24.0   23:53   WNW
11  17.3  23.3   14:51  12.2   06:54   2.0   1.0   0.0   2.3  29.0   01:33   WNW
12  17.6  24.6   13:44  10.8   05:22   2.3   1.6   0.0   1.0  18.0   13:52     E
13  19.5  24.3   11:35  16.4   04:43   0.4   1.6   0.4   1.5  21.0   11:42   ESE
14  19.7  24.2   13:09  16.3   06:03   0.4   1.8   0.2   1.5  14.0   10:59     E
15  20.1  24.3   11:05  16.0   06:37   0.4   2.2   2.0   2.0  18.0   12:22   ESE
16  19.8  24.5   11:27  15.4   04:56   0.4   1.9   1.0   1.7  18.0   15:45   ESE
17  18.7  23.6   14:21  16.3   22:05   0.7   1.1   9.6   0.6  13.0   14:24     E
18  18.7  23.8   12:14  14.8   05:55   1.0   1.3   0.2   0.6  19.0   14:25   ESE
19  19.0  24.8   12:19  15.6   01:13   0.9   1.5   0.0   1.4  21.0   12:21   ESE
20  18.4  22.9   11:20  14.7   05:12   1.0   1.1   0.8   0.8  14.0   13:22     E
21  19.2  26.1   12:29  14.4   22:43   1.0   1.9   0.0   0.6  13.0   11:28     E
22  17.8  23.6   10:37  13.3   04:01   1.6   1.1   0.8   0.5  21.0   10:46     E
23  17.7  24.9   14:00  12.7   04:31   2.0   1.4   0.2   0.9  16.0   12:06   ESE
24  18.0  25.1   11:59  14.0   06:34   1.8   1.5   0.0   0.5  13.0   10:27     E
25  18.1  24.9   11:56  13.8   06:09   1.8   1.6   0.2   0.2  10.0   08:28    NW
26  18.8  26.2   13:27  13.6   06:19   1.5   2.0   0.2   0.3  10.0   11:52   WNW
27  19.1  27.1   15:05  12.1   06:06   1.9   2.7   0.2   1.3  19.0   13:51   WNW
28  16.0  22.3   14:48   9.4   05:22   3.1   0.7   0.0   0.7  14.0   14:05   WNW
29  14.3  23.3   15:10   7.9   23:57   4.8   0.9   0.0   1.0  21.0   13:32   WNW
30  14.3  22.7   13:54   5.7   05:48   4.9   0.9   0.0   1.2  19.0   12:53   WNW
31  12.4  20.6   14:29   7.2   23:53   6.1   0.2   0.0   0.7  13.0   11:24   WNW
----------------------------------------------------------------------------------
    18.4  28.4     1     5.7    30    53.1  55.8  30.0   0.8  29.0    11     ENE

Max >=  27.0  6
Max <=   0.0  0
Min <=   0.0  0
Min <= -18.0  0
Max Rain: 9.6 on day 17
Days of Rain: 17 (>= 0.2 mm)  5 (>= 2.0 mm)  0 (>= 20.0 mm)
Heat Base: 18.3  Cool Base: 18.3  Method: Integration