Select a Year or Month report

Report for 2019 Jun
                   Monthly Climatological Summary for Jun 2019

Name: Carina Weather   City: Carina, Brisbane   State: Queensland
Elevation: 16 m  Lat: S 27 29 03   Lon: E 153 05 43

                  Temperature (°C), Rain (mm), Wind Speed (km/h)

                                      Heat  Cool        Avg
    Mean                              Deg   Deg         Wind                 Dom
Day Temp  High   Time   Low    Time   Days  Days  Rain  Speed High   Time    Dir
----------------------------------------------------------------------------------
01  14.9  22.7   12:49   5.7   04:49   4.2   0.8   0.0   0.5  10.0   12:21   ENE
02  17.6  22.0   12:42  14.6   07:04   1.5   0.7   1.0   1.0  19.0   12:16     E
03  17.2  22.1   13:50  13.3   06:49   1.9   0.7   1.0   2.2  23.0   22:30   WNW
04  12.5  16.1   13:47   8.2   06:38   5.8   0.0   0.0   3.8  31.0   08:36   WNW
05  14.8  22.0   15:16   9.9   01:01   4.1   0.6   0.0   1.0  14.0   12:56    NW
06  14.8  22.2   12:28   9.4   04:49   4.1   0.6   0.0   0.7  14.0   13:06     E
07  16.4  22.1   11:12  11.8   05:39   2.5   0.5   0.0   1.7  24.0   11:15     E
08  15.5  18.2   12:57  13.2   06:48   2.8   0.0   4.0   0.2   8.0   13:46    NW
09  17.3  23.8   14:31  12.9   23:16   2.3   1.2   0.0   0.3   8.0   10:42   ENE
10  16.8  24.7   13:03  12.3   06:54   2.8   1.3   0.2   0.3  11.0   09:23   WNW
11  17.6  25.7   13:10  12.4   06:43   2.3   1.7   0.2   0.6  14.0   15:41     E
12  17.0  25.6   13:06  10.7   06:18   2.9   1.6   0.2   0.2   8.0   09:36     E
13  17.8  25.8   12:18  12.7   01:05   2.0   1.5   0.0   0.3   8.0   09:54   WNW
14  18.3  28.2   15:10  12.4   05:40   2.1   2.1   0.2   0.3  11.0   12:42   WNW
15  18.8  25.9   13:00  14.6   02:08   1.3   1.8   0.0   0.3  10.0   12:14    NE
16  17.6  24.3   12:39  14.1   04:20   1.7   1.0  12.4   0.1  10.0   15:37    NW
17  16.0  22.5   14:40   9.4   22:50   3.0   0.7   0.4   0.9  19.0   12:21   WNW
18  14.2  23.5   14:30   7.9   03:25   5.0   0.9   0.0   0.5  10.0   08:46    NW
19  15.7  24.0   14:00   8.5   03:32   3.7   1.1   0.0   0.6  10.0   09:06    NE
20  16.2  20.2   13:46  12.6   06:08   2.3   0.2   0.0   0.3  11.0   11:54   ENE
21  17.1  22.9   14:29  11.9   23:56   2.2   1.0   0.0   1.3  14.0   14:10   WNW
22  13.6  21.1   14:41   8.4   22:39   5.0   0.4   0.0   1.2  14.0   08:52   ENE
23  13.7  20.8   12:57   8.2   06:17   4.8   0.2   0.0   1.0  13.0   11:32     E
24  14.1  19.9   14:04   9.6   06:58   4.4   0.2   0.8   1.1  13.0   10:58   ENE
25  15.2  20.0   12:56  11.8   00:51   3.2   0.1  10.0   1.9  21.0   10:44     E
26  15.6  16.9   10:37  14.2   06:10   2.7   0.0  19.4   1.6  18.0   17:34     E
27  16.7  22.6   12:42  12.4   06:39   2.3   0.7   5.2   1.6  21.0   13:52     E
28  16.5  22.1   13:21  13.3   06:27   2.4   0.6   1.2   1.4  21.0   12:21     E
29  16.5  23.2   12:48  12.5   02:30   2.7   0.9   1.0   0.8  16.0   12:08     E
30  16.9  25.2   14:52  11.7   06:29   2.7   1.3   0.2   0.3   8.0   08:57     E
----------------------------------------------------------------------------------
    16.1  28.2    14     5.7     1    90.7  24.4  57.4   0.9  31.0     4     ENE

Max >=  27.0  1
Max <=   0.0  0
Min <=   0.0  0
Min <= -18.0  0
Max Rain: 19.4 on day 26
Days of Rain: 16 (>= 0.2 mm)  5 (>= 2.0 mm)  0 (>= 20.0 mm)
Heat Base: 18.3  Cool Base: 18.3  Method: Integration