Select a Year or Month report

Report for 2019 Jul
                   Monthly Climatological Summary for Jul 2019

Name: Carina Weather   City: Carina, Brisbane   State: Queensland
Elevation: 16 m  Lat: S 27 29 03   Lon: E 153 05 43

                  Temperature (°C), Rain (mm), Wind Speed (km/h)

                                      Heat  Cool        Avg
    Mean                              Deg   Deg         Wind                 Dom
Day Temp  High   Time   Low    Time   Days  Days  Rain  Speed High   Time    Dir
----------------------------------------------------------------------------------
01  17.1  23.4   11:55  12.3   05:16   2.1   1.0   0.2   0.9  18.0   12:59     E
02  16.8  22.9   13:46  13.2   22:59   2.4   0.9   0.0   0.2   8.0   16:09   ENE
03  17.1  22.9   13:33  11.9   05:54   2.2   1.0   0.2   2.0  26.0   11:46   ESE
04  18.0  23.1   11:19  13.7   06:45   1.4   1.1   1.0   2.8  29.0   14:31   ESE
05  17.8  21.0   10:32  15.1   04:27   1.1   0.6   2.6   4.2  27.0   12:00   ESE
06  16.6  21.6   12:22  13.9   23:33   1.9   0.3  12.2   2.2  24.0   00:22   ESE
07  16.7  21.4   12:15  14.0   00:00   1.9   0.3   1.2   1.2  18.0   12:35     E
08  16.2  20.5   11:55  13.9   07:10   2.3   0.2   0.8   0.3  10.0   09:55     E
09  15.9  24.4   15:55  11.0   05:32   3.4   1.0   0.0   0.5  11.0   13:43   WNW
10  15.2  23.3   15:04  10.1   23:59   4.0   1.0   0.0   0.8  18.0   11:27   WNW
11  14.9  24.4   15:25   7.5   06:41   4.7   1.3   0.0   1.3  19.0   12:06   WNW
12  14.9  25.6   15:00   7.1   06:55   4.9   1.5   0.0   0.8  18.0   12:31   WNW
13  15.8  23.2   14:16   7.3   06:48   3.8   1.3   0.0   2.5  29.0   14:10   WNW
14  12.6  20.7   15:27   7.0   21:31   5.9   0.2   0.0   1.4  13.0   00:37   WNW
15  13.1  19.3   15:37   7.8   06:06   5.3   0.1   0.0   3.2  29.0   10:05   WNW
16  13.2  23.1   16:16   7.8   06:02   5.8   0.7   0.0   0.8  11.0   09:46    NW
17  14.3  22.8   13:45   8.5   03:10   4.8   0.8   0.0   0.7  10.0   08:46   NNE
18  13.6  24.1   15:53   6.4   05:10   5.6   0.9   0.0   0.6  18.0   09:40   WNW
19  13.0  22.6   14:20   6.2   05:58   6.0   0.7   0.0   0.3  11.0   10:10   WNW
20  13.7  22.6   14:14   7.5   03:24   5.4   0.7   0.0   0.4  11.0   08:57   ENE
21  14.4  22.9   12:36   7.9   06:41   4.7   0.7   0.0   0.2  11.0   15:53   ENE
22  15.7  24.3   13:19   9.2   04:44   3.7   1.1   0.0   0.3  10.0   13:56   WNW
23  16.7  26.6   14:18  10.8   04:16   3.2   1.6   0.0   0.4   8.0   10:20   WNW
24  17.0  26.2   15:11   8.8   06:52   3.1   1.9   0.0   1.2  19.0   13:34   WNW
25  16.4  23.3   11:40   9.9   04:06   2.9   1.0   0.0   1.3  16.0   16:20   ESE
26  16.1  23.4   12:45  11.1   04:45   3.2   0.9   0.0   0.3   8.0   12:09   WNW
27  16.8  25.8   14:39  11.1   07:00   3.0   1.5   0.0   0.4  13.0   12:01   WNW
28  17.1  24.8   12:31  11.7   07:01   2.4   1.2   0.0   0.6  16.0   16:12     E
29  16.3  23.6   14:10  11.1   06:46   3.1   1.1   0.0   0.3  11.0   14:18   ENE
30  17.0  25.0   14:17  10.8   04:57   2.6   1.3   0.0   1.1  13.0   16:15     E
31  15.8  22.4   13:55  11.7   04:12   3.0   0.6   0.0   1.6  19.0   12:19   ESE
----------------------------------------------------------------------------------
    15.7  26.6    23     6.2    19   109.8  28.5  18.2   1.1  29.0     4     ENE

Max >=  27.0  0
Max <=   0.0  0
Min <=   0.0  0
Min <= -18.0  0
Max Rain: 12.2 on day 6
Days of Rain: 7 (>= 0.2 mm)  2 (>= 2.0 mm)  0 (>= 20.0 mm)
Heat Base: 18.3  Cool Base: 18.3  Method: Integration