Select a Year or Month report

Report for 2019 Aug
                   Monthly Climatological Summary for Aug 2019

Name: Carina Weather   City: Carina, Brisbane   State: Queensland
Elevation: 16 m  Lat: S 27 29 03   Lon: E 153 05 43

                  Temperature (°C), Rain (mm), Wind Speed (km/h)

                                      Heat  Cool        Avg
    Mean                              Deg   Deg         Wind                 Dom
Day Temp  High   Time   Low    Time   Days  Days  Rain  Speed High   Time    Dir
----------------------------------------------------------------------------------
01  15.7  20.9   13:32  12.2   00:21   2.9   0.3   0.0   0.8  16.0   15:33     E
02  15.7  22.0   12:35  11.9   06:56   3.1   0.4   2.6   1.1  19.0   15:43     E
03  15.3  23.2   13:40  11.0   05:38   3.8   0.8   0.0   0.5  10.0   10:28    NE
04  15.1  23.8   13:11   8.8   06:45   4.2   1.0   0.2   0.5  10.0   09:31    NE
05  15.3  23.7   13:02   9.7   04:52   4.0   1.1   0.0   0.3  11.0   13:30   ENE
06  15.0  23.3   14:03   9.7   05:59   3.8   0.8   0.0   0.4  10.0   12:10   ENE
07  16.1  23.4   12:23  11.1   01:08   2.9   0.7   2.0   0.1  11.0   16:44   WNW
08  20.1  27.8   15:17  12.3   06:44   1.4   3.2   0.0   1.6  21.0   15:15   WNW
09  18.9  24.7   15:10  12.1   22:17   1.2   1.7   0.0   3.9  27.0   13:22   WNW
10  17.3  22.3   14:27  11.9   01:33   1.9   0.9   0.0   4.6  31.0   22:54   WNW
11  14.8  20.1   14:25   9.3   04:58   3.6   0.2   0.0   4.3  32.0   12:07   WNW
12  13.6  22.0   14:47   8.3   22:55   4.9   0.4   0.0   1.5  24.0   11:21   WNW
13  14.5  22.8   14:51   8.6   00:25   4.6   0.8   0.0   0.8  13.0   13:16   ENE
14  14.4  22.3   11:32   8.9   05:48   4.5   0.7   0.0   0.1  10.0   12:27    NE
15  15.3  23.9   12:07   8.1   05:46   4.3   1.3   0.0   0.5  10.0   12:15   WNW
16  16.3  25.0   13:05  10.1   00:39   3.3   1.4   0.0   0.7  14.0   11:26   WNW
17  16.8  26.8   13:38   8.8   06:19   3.6   2.2   0.0   0.5  11.0   13:41   WNW
18  17.9  24.8   12:18  12.6   00:03   1.9   1.5   0.0   0.8  11.0   10:20     E
19  18.1  27.3   13:22  10.8   04:34   2.6   2.4   0.0   1.9  26.0   14:57   WNW
20  14.4  23.2   15:31   6.9   23:59   4.6   0.7   0.0   1.3  11.0   03:54   WNW
21  16.4  25.6   15:04   5.1   05:42   3.8   1.9   0.0   2.7  27.0   15:42   WNW
22  18.8  25.3   15:24   9.1   06:01   1.6   2.1   0.0   4.1  39.0   13:33   WNW
23  16.6  24.0   13:49  11.3   05:09   2.8   1.1   0.0   1.4  14.0   00:14     E
24  15.2  23.1   11:41   9.1   06:08   4.2   1.0   0.0   0.6  18.0   12:50     N
25  16.8  25.2   12:12   9.4   03:23   3.3   1.7   0.0   0.6  11.0   14:06    NW
26  17.9  26.7   12:40  10.9   06:14   2.6   2.2   0.0   0.6  10.0   11:38    NE
27  18.3  26.1   14:06  12.8   05:15   1.6   1.6   0.0   0.5  10.0   10:57   NNE
28  18.2  22.6   09:52  13.5   23:58   1.1   1.1   0.4   0.5  13.0   10:28   WNW
29  15.6  19.6   12:04  11.7   23:01   2.8   0.1   0.0   0.6  14.0   11:06   WNW
30  16.6  23.6   11:22  12.1   06:22   2.7   1.0   0.0   1.1  18.0   14:46     E
31  16.3  23.7   12:08  11.1   06:26   3.2   1.2   0.0   0.9  16.0   12:50     E
----------------------------------------------------------------------------------
    16.4  27.8     8     5.1    21    96.8  37.5   5.2   1.3  39.0    22     WNW

Max >=  27.0  2
Max <=   0.0  0
Min <=   0.0  0
Min <= -18.0  0
Max Rain: 2.6 on day 2
Days of Rain: 4 (>= 0.2 mm)  2 (>= 2.0 mm)  0 (>= 20.0 mm)
Heat Base: 18.3  Cool Base: 18.3  Method: Integration