Select a Year or Month report

Report for 2019 Oct
                   Monthly Climatological Summary for Oct 2019

Name: Carina Weather   City: Carina, Brisbane   State: Queensland
Elevation: 16 m  Lat: S 27 29 03   Lon: E 153 05 43

                  Temperature (°C), Rain (mm), Wind Speed (km/h)

                                      Heat  Cool        Avg
    Mean                              Deg   Deg         Wind                 Dom
Day Temp  High   Time   Low    Time   Days  Days  Rain  Speed High   Time    Dir
----------------------------------------------------------------------------------
01  19.8  24.0   13:27  16.1   21:01   0.3   1.8   0.2   4.5  29.0   09:14   ESE
02  18.7  25.1   13:19  12.5   23:59   1.6   2.0   0.2   1.3  19.0   14:49     E
03  18.4  26.1   12:48  10.8   04:20   2.3   2.4   0.0   1.2  11.0   11:30   NNW
04  19.5  26.9   11:49  11.7   05:11   1.6   2.8   0.0   1.6  16.0   15:38   WNW
05  20.3  30.4   11:39  12.2   05:32   1.2   3.2   0.0   2.4  27.0   16:53     E
06  21.3  27.5   12:25  15.8   01:47   0.4   3.5   0.0   1.3  13.0   12:40   WNW
07  23.0  30.5   12:20  15.4   05:41   0.3   5.0   0.0   1.2  13.0   13:02   WNW
08  23.9  31.1   12:01  19.3   05:11   0.0   5.6   0.0   1.1  14.0   10:42   WNW
09  20.4  25.4   11:40  17.0   23:21   0.2   2.3   0.0   4.3  26.0   14:39   ESE
10  19.0  25.0   12:49  13.8   05:23   1.0   1.7   0.0   2.5  24.0   16:04     E
11  17.3  25.0   12:23  13.3   04:44   2.0   1.0  32.8   1.5  16.0   09:31     E
12  15.1  20.6   16:02  12.3   21:31   3.4   0.2   9.0   1.1  16.0   13:26   ENE
13  18.1  25.9   11:54  12.2   04:26   1.8   1.7   0.0   2.0  19.0   17:06     E
14  20.0  26.4   13:41  12.6   04:16   1.3   2.9   0.0   1.4  14.0   17:23    NW
15  22.2  27.8   13:04  18.3   04:44   0.0   3.9   0.6   1.3  13.0   12:39   WNW
16  23.0  28.9   12:25  17.4   04:14   0.1   4.7   0.0   2.1  18.0   13:37     W
17  23.3  29.7   10:26  18.4   04:32   0.0   5.0   6.2   2.1  29.0   14:53   WNW
18  22.2  28.1   12:23  17.9   22:28   0.0   3.9   0.2   2.3  23.0   09:58     E
19  21.0  26.7   14:48  17.4   05:09   0.1   2.8  12.6   0.3  11.0   12:02   WNW
20  21.4  28.3   11:05  15.9   05:34   0.2   3.4   0.2   3.9  34.0   13:56   ESE
21  20.2  25.2   13:19  15.2   23:58   0.5   2.4   0.0   3.1  27.0   13:00   ESE
22  19.6  25.8   10:39  14.2   01:42   1.2   2.5   0.0   1.1  16.0   12:31     E
23  20.6  27.4   12:21  15.0   23:32   0.9   3.2   0.0   1.1  13.0   08:52     E
24  20.9  28.1   12:00  14.2   04:10   1.0   3.6   0.0   1.1  11.0   08:40   WNW
25  21.4  28.0   12:38  14.1   05:27   0.9   4.0   0.0   1.5  13.0   08:20   WNW
26  22.1  28.1   12:27  14.8   05:01   0.4   4.2   0.0   2.5  19.0   09:03     W
27  23.1  29.4   11:54  16.7   04:14   0.1   4.9   0.0   2.1  19.0   15:41     E
28  22.4  28.4   11:54  19.4   00:50   0.0   4.1   0.0   3.3  27.0   16:32   ESE
29  21.4  27.4   12:17  16.0   23:36   0.2   3.3   0.0   2.2  21.0   14:06     E
30  20.1  25.3   12:30  14.9   02:52   0.8   2.6   0.0   0.8  10.0   08:51   ENE
31  21.5  28.1   13:13  14.9   03:16   0.7   3.9   0.0   1.1  11.0   10:14   ENE
----------------------------------------------------------------------------------
    20.7  31.1     8    10.8     3    24.5  98.5  62.0   1.9  34.0    20       E

Max >=  27.0 17
Max <=   0.0  0
Min <=   0.0  0
Min <= -18.0  0
Max Rain: 32.8 on day 11
Days of Rain: 9 (>= 0.2 mm)  4 (>= 2.0 mm)  1 (>= 20.0 mm)
Heat Base: 18.3  Cool Base: 18.3  Method: Integration