Select a Year or Month report

Report for 2019 Nov
                   Monthly Climatological Summary for Nov 2019

Name: Carina Weather   City: Carina, Brisbane   State: Queensland
Elevation: 16 m  Lat:  27 29' 03" S   Lon:  153 05' 43" E

                  Temperature (C), Rain (mm), Wind Speed (km/h)
                                      Heat  Cool        Avg
    Mean                              Deg   Deg         Wind                 Dom
Day Temp  High   Time   Low    Time   Days  Days  Rain  Speed High   Time    Dir
----------------------------------------------------------------------------------
01  19.6  23.2   15:35  16.8   03:52   0.2   1.5  22.0   0.8  14.0   13:12     E
02  21.2  26.7   13:24  16.9   02:34   0.2   3.1   1.8   1.0  14.0   15:12     E
03  23.0  28.4   12:12  17.0   04:19   0.1   4.8   0.0   1.6  16.0   11:13     W
04  24.4  32.1   12:25  20.3   03:11   0.0   6.1   0.0   1.4  16.0   16:32     W
05  23.3  28.8   11:08  14.7   23:15   0.2   5.2   0.4   3.6  37.0   11:16   WNW
06  20.9  29.4   12:46  13.6   00:41   1.1   3.7   0.0   1.4  16.0   10:41   ENE
07  23.6  34.3   12:20  12.4   05:02   1.1   6.4   0.0   1.1  14.0   14:24     W
08  24.8  35.0   10:53  13.8   04:16   0.7   7.2   0.0   1.1  16.0   13:03     W
09  22.9  29.9   10:59  16.9   04:34   0.2   4.7   0.0   1.3  18.0   09:13   ENE
10  22.5  31.8   13:05  11.8   04:47   1.0   5.1   0.0   1.4  19.0   11:39     N
11  22.6  28.6   13:35  16.7   05:06   0.1   4.5   0.0   1.2  11.0   10:12     E
12  24.3  30.8   12:12  16.1   04:25   0.2   6.2   0.0   1.9  23.0   14:55     W
13  24.5  34.2   10:45  19.1   04:53   0.0   6.2   0.0   3.5  29.0   15:27   ESE
14  24.0  30.7   12:50  16.7   04:48   0.1   5.7   0.0   1.2  13.0   16:53     E
15  25.7  32.7   12:29  20.6   03:52   0.0   7.4   0.0   1.7  19.0   16:56     W
16  26.5  35.2   12:21  18.4   04:56   0.0   8.2   0.0   1.6  14.0   15:15    NE
17  24.9  31.7   11:35  20.0   05:12   0.0   6.6   0.0   2.2  31.0   21:51   ESE
18  22.9  28.6   13:24  18.9   23:11   0.0   4.6   0.0   2.9  23.0   08:34     E
19  24.5  32.2   11:56  18.0   02:05   0.0   6.2   0.0   1.5  16.0   17:41     W
20  25.9  33.0   11:48  19.3   05:03   0.0   7.6   0.0   1.3  16.0   15:32     W
21  24.8  30.1   11:27  20.7   23:49   0.0   6.5   0.0   1.5  14.0   14:05     E
22  24.9  30.7   13:15  18.8   05:09   0.0   6.6   0.0   1.8  14.0   19:17     W
23  24.9  31.0   13:54  18.6   04:56   0.0   6.6   0.0   1.7  18.0   16:50     W
24  24.5  31.3   12:21  18.6   04:11   0.0   6.2   0.0   1.3  21.0   10:53    NW
25  24.8  30.9   11:55  18.4   04:10   0.0   6.4   0.0   1.6  21.0   12:01   WNW
26  25.8  30.9   11:10  20.9   04:47   0.0   7.5   0.0   2.6  21.0   15:15     W
27  25.4  32.8   10:14  20.8   05:03   0.0   7.1   0.0   3.6  24.0   13:13   ESE
28  24.3  29.9   15:11  21.7   05:07   0.0   6.0   0.0   1.7  14.0   00:05     E
29  26.1  32.1   12:55  21.4   02:09   0.0   7.8   0.0   1.7  14.0   21:49     W
30  26.2  31.9   10:08  21.9   05:00   0.0   7.9   2.2   2.2  21.0   17:53     W
----------------------------------------------------------------------------------
    24.1  35.2    16    11.8    10     5.2 179.6  26.4   1.8  37.0     5      NW

Max >=  27.0 28
Max <=   0.0  0
Min <=   0.0  0
Min <= -18.0  0
Max Rain: 22.0 on day 1
Days of Rain: 4 (>= 0.2 mm)  2 (>= 2.0 mm)  1 (>= 20.0 mm)
Heat Base: 18.3  Cool Base: 18.3  Method: Integration