Select a Year or Month report

Report for 2019 Dec
                   Monthly Climatological Summary for Dec 2019

Name: Carina Weather   City: Carina, Brisbane   State: Queensland
Elevation: 16 m  Lat:  27 29' 03" S  Lon:  153 05' 43" E
 
                  Temperature (C), Rain (mm), Wind Speed (km/h)
                                      Heat  Cool        Avg
    Mean                              Deg   Deg         Wind                 Dom
Day Temp  High   Time   Low    Time   Days  Days  Rain  Speed High   Time    Dir
----------------------------------------------------------------------------------
01  25.3  32.0   11:03  22.1   02:45   0.0   7.0   1.6   1.4  21.0   11:42     W
02  28.1  34.3   13:16  20.6   04:20   0.0   9.8   0.2   3.7  34.0   13:22   WNW
03  26.6  35.4   14:49  18.6   04:04   0.0   8.3   0.0   1.6  24.0   10:49   WNW
04  25.5  34.6   11:06  15.4   04:30   0.3   7.4   0.0   1.2  13.0   08:46   ENE
05  26.9  38.1   13:14  17.1   04:50   0.1   8.7   0.0   1.2  18.0   12:28   WNW
06  28.7  38.9   11:57  17.7   04:54   0.0  10.4   0.0   1.2  14.0   15:07     W
07  28.0  38.5   11:08  20.3   04:45   0.0   9.7   0.0   2.3  21.0   15:06     E
08  25.6  31.4   13:43  22.3   03:53   0.0   7.3   0.0   3.4  23.0   16:20   ESE
09  26.4  32.6   13:31  21.4   04:22   0.0   8.1   0.0   2.1  19.0   11:57     E
10  27.3  33.8   11:48  22.1   04:44   0.0   8.9   0.0   1.6  16.0   15:12     W
11  27.5  34.7   13:30  18.8   00:00   0.0   9.2 109.0   2.2  34.0   22:24     W
12  26.1  32.8   14:02  19.0   00:10   0.0   7.8   1.4   1.7  14.0   00:10   WNW
13  24.6  30.7   13:08  20.1   23:33   0.0   6.4  41.4   1.2  21.0   16:20     W
14  25.5  31.8   13:12  19.4   03:00   0.0   7.1   0.0   1.3  14.0   15:57     W
15  27.4  32.8   13:43  22.4   04:43   0.0   9.1   0.0   1.6  16.0   12:28     W
16  28.5  41.0   13:19  22.4   05:04   0.0  10.3   0.0   3.6  39.0   16:06   ESE
17  24.0  28.6   12:27  19.7   04:07   0.0   5.7   0.0   4.3  26.0   14:55   ESE
18  23.4  29.2   13:08  18.8   04:34   0.0   5.1   0.0   2.5  23.0   11:01   ESE
19  24.2  30.2   12:44  17.7   04:34   0.0   6.0   0.0   1.2  13.0   12:50    NE
20  24.5  31.3   12:43  18.2   04:30   0.0   6.2   0.0   1.0  10.0   07:54   ENE
21  25.6  32.2   12:53  19.1   04:57   0.0   7.3   0.0   1.2  14.0   14:44     W
22  25.6  30.7   11:04  21.3   04:51   0.0   7.3   0.0   1.0  13.0   15:44     E
23  25.5  30.9   14:15  22.2   05:16   0.0   7.2   0.0   1.1  16.0   16:27     E
24  26.2  34.8   12:00  21.4   23:57   0.0   7.9  23.6   1.5  19.0   19:42     W
25  23.1  26.9   16:08  20.8   23:56   0.0   4.8  14.6   1.8  18.0   14:52   ESE
26  23.9  29.4   13:32  20.2   05:02   0.0   5.6   0.4   2.8  27.0   16:44   ESE
27  23.0  27.8   15:47  19.5   05:20   0.0   4.7   2.0   2.0  23.0   10:00   ESE
28  24.3  29.8   12:51  19.7   01:24   0.0   6.0   0.0   1.7  19.0   13:08   ESE
29  25.0  30.8   12:56  19.5   04:38   0.0   6.7   0.0   1.2  13.0   13:56     E
30  25.1  31.2   13:49  19.7   04:13   0.0   6.8   0.0   1.2  13.0   09:00     E
31  25.1  31.2   12:54  21.2   05:02   0.0   6.8   6.0   0.7  11.0   12:20     E
----------------------------------------------------------------------------------
    25.7  41.0    16    15.4     4     0.4 229.6 200.2   1.8  39.0    16       E

Max >=  27.0 30
Max <=   0.0  0
Min <=   0.0  0
Min <= -18.0  0
Max Rain: 109.0 on day 11
Days of Rain: 10 (>= 0.2 mm)  6 (>= 2.0 mm)  3 (>= 20.0 mm)
Heat Base: 18.3  Cool Base: 18.3  Method: Integration