Select a Year or Month report

Report for 2020
                   Annual Climatological Summary for 2020

Name: Carina Weather   City: Carina, Brisbane   State: Queensland
Elevation: 16 m  Lat: S 27° 29' 03"   Lon: E 153° 05' 43"

                  Temperature (°C), Heat Base: 18.3  Cool Base: 18.3
                          Dep.  Heat  Cool                       Max  Max  Min  Min
        Mean  Mean        From  Deg   Deg                        >=   <=   <=   <=
 YR MO  Max   Min   Mean  Norm  Days  Days  Hi  Date  Low  Date 27.0  0.0  0.0 -18.0
------------------------------------------------------------------------------------
 20  1  31.8  22.3  26.5   1.4     0   249  34.4  29  19.6    4   31    0    0    0
 20  2  30.8  21.8  25.7   0.8     0   212  36.0   3  19.7    6   23    0    0    0
 20  3  29.7  19.6  23.9   0.1     1   175  35.2   2  16.9   20   26    0    0    0
 20  4  29.2  17.2  22.4   0.9     9   131  34.3  17  13.3   20   27    0    0    0
 20  5  24.3  13.3  18.1  -0.2    55    48  27.8   9   9.0   26    1    0    0    0
 20  6  22.8  12.0  16.5   0.5    80    26  25.6  12   6.7   23    0    0    0    0
 20  7  22.3  10.8  15.6   0.5   103    20  25.7  20   5.3    5    0    0    0    0
 20  8  23.8  10.8  16.7   0.5    87    37  27.9  31   7.2   24    3    0    0    0
 20  9  26.3  14.3  19.7   1.1    35    76  31.4  23   9.8   27    8    0    0    0
 20 10  28.3  16.4  21.8   0.8    11   121  31.3  30  12.6    1   25    0    0    0
 20 11  29.8  18.3  23.8   0.9     4   170  33.1  17  15.2    3   28    0    0    0
 20 12  30.7  21.7  25.5   1.0     0   225  34.3   7  17.1   12   26    0    0    0
------------------------------------------------------------------------------------
        27.5  16.5  21.3   0.7   385  1489  36.0 Feb   5.3  Jul  198    0    0    0

                                Precipitation (mm)

              Dep.   Max        Days of Rain
              From   Obs.           >=
 YR MO Total  Norm   Day Date  0.2  2.0 20.0
---------------------------------------------
 20  1 132.8 -25.2  79.8  18    11    8    1
 20  2 427.5 271.6 134.8   6    17   11    7
 20  3  83.0 -54.4  46.0   9     8    5    1
 20  4   2.4 -87.6   0.8   4     4    0    0
 20  5   9.6 -62.7   5.8  21     4    2    0
 20  6  40.6 -26.2  16.0  14    10    6    0
 20  7  50.6  -2.9  21.6  25    10    6    1
 20  8  14.4 -31.1  10.4   7     4    2    0
 20  9   2.6 -41.5   1.0  10     6    0    0
 20 10 160.0  84.9  51.2  27    11    7    4
 20 11   9.2 -88.5   8.4   5     2    1    0
 20 12 111.2 -22.7  38.8  13    14    6    2
---------------------------------------------
      1043.9 -86.3 134.8  Feb  101   54   16

                                Wind Speed (km/h)
                          Dom
 YR MO   Avg.  Hi   Date  Dir
------------------------------
 20  1   0.9  27.0   12   ESE
 20  2   1.2  37.0    4   ESE
 20  3   2.1  31.0   11   ESE
 20  4   1.2  29.0    9     E
 20  5   1.8  32.0   18   SSW
 20  6   1.6  32.0    2     S
 20  7   1.9  37.0   27     W
 20  8   2.2  39.0   22   WNW
 20  9   2.1  37.0   11     E
 20 10   2.0  34.0   14   ENE
 20 11   2.7  35.0   24     E
 20 12   2.4  51.0   14     E
------------------------------
         1.8  51.0  Dec   ESE