Select a Year or Month report

Report for 2020 Jan
                   Monthly Climatological Summary for Jan 2020

Name: Carina Weather   City: Carina, Brisbane   State: Queensland
Elevation: 16 m  Lat: 27 29' 03" S   Lon: 153 05' 43" E

                  Temperature (C), Rain (mm), Wind Speed (km/h)
                                      Heat  Cool        Avg
    Mean                              Deg   Deg         Wind                 Dom
Day Temp  High   Time   Low    Time   Days  Days  Rain  Speed High   Time    Dir
----------------------------------------------------------------------------------
01  26.3  31.2   11:40  22.4   05:07   0.0   8.0   0.4   1.0  13.0   14:04   ESE
02  26.1  31.8   11:00  21.5   04:07   0.0   7.8   0.0   0.8  14.0   14:38   ESE
03  25.7  31.9   11:53  20.0   04:55   0.0   7.4   0.0   0.8  14.0   13:23     E
04  25.8  32.2   12:47  19.6   03:45   0.0   7.5   0.0   1.2  13.0   13:56     S
05  26.1  32.1   12:42  19.7   05:14   0.0   7.8   0.0   1.3  14.0   18:03     W
06  26.4  31.9   12:22  21.8   04:07   0.0   8.1   0.0   1.4  13.0   09:56   ESE
07  26.2  31.7   14:31  21.6   23:57   0.0   7.9   0.0   0.8  11.0   16:47   ESE
08  26.6  32.5   13:51  21.4   05:08   0.0   8.3   0.0   0.9  13.0   12:21     E
09  26.7  32.8   13:16  21.4   05:29   0.0   8.4   0.0   1.0  13.0   13:23     E
10  27.4  32.9   12:05  22.9   04:57   0.0   9.1   0.0   1.4  13.0   11:22    SW
11  26.6  32.8   12:13  23.1   23:06   0.0   8.2  12.0   1.1  11.0   15:27     W
12  24.5  29.4   11:10  22.6   21:39   0.0   6.2   0.0   3.7  27.0   11:46   ESE
13  24.4  28.2   15:47  21.9   23:55   0.0   6.1   0.0   4.6  26.0   13:03   ESE
14  24.7  29.5   11:29  20.5   05:07   0.0   6.4   0.0   2.6  19.0   11:59   ESE
15  25.2  30.7   14:38  21.4   04:54   0.0   6.9   5.2   0.8  14.0   15:56     E
16  24.5  28.4   08:07  21.9   05:06   0.0   6.1  14.6   0.1   8.0   08:00     W
17  25.3  30.1   14:00  22.3   03:45   0.0   7.0   7.8   0.6  11.0   13:12     E
18  23.7  28.5   15:20  20.6   03:57   0.0   5.4  79.8   1.2  16.0   16:10   ESE
19  26.4  31.9   13:55  22.3   04:56   0.0   8.1   0.8   0.5  13.0   16:58     W
20  27.8  32.9   12:24  24.5   20:29   0.0   9.5   7.2   0.8  18.0   16:07     W
21  28.4  34.2   13:33  24.9   05:18   0.0  10.1   0.0   0.0  13.0   15:24   WNW
22  28.3  34.3   11:37  22.0   04:52   0.0  10.0   0.0   0.2  14.0   17:28   WNW
23  27.6  30.3   15:16  26.2   23:07   0.0   9.3   2.4   0.0  14.0   17:06     W
24  28.4  33.7   12:39  25.2   05:25   0.0  10.0   0.0   0.1  11.0   15:58     W
25  28.0  32.7   12:32  24.6   23:59   0.0   6.0   0.0   0.0  10.0   12:57     N
26  26.7  31.6   13:34  22.3   05:33   0.0   8.4   0.6   0.0   6.0   15:09     N
27  26.8  31.9   12:03  21.9   05:21   0.0   8.5   0.0   0.0  11.0   15:27     E
28  26.9  32.1   14:38  22.9   05:16   0.0   8.6   2.0   0.0   8.0   13:14   ESE
29  28.3  34.4   11:59  23.2   05:10   0.0  10.0   0.0   0.0  13.0   10:51     N
30  27.7  33.0   13:43  23.3   05:28   0.0   9.4   0.0   0.0   6.0   15:16     N
31  26.7  32.8   13:43  21.9   02:19   0.0   8.4   0.0   0.0  10.0   13:39    NE
----------------------------------------------------------------------------------
    26.5  34.4    29    19.6     4     0.0 248.9 132.8   0.9  27.0    12     ESE

Max >=  27.0 31
Max <=   0.0  0
Min <=   0.0  0
Min <= -18.0  0
Max Rain: 79.8 on day 18
Days of Rain: 11 (>= 0.2 mm)  8 (>= 2.0 mm)  1 (>= 20.0 mm)
Heat Base: 18.3  Cool Base: 18.3  Method: Integration