Select a Year or Month report

Report for 2020 Feb
                   Monthly Climatological Summary for Feb 2020

Name: Carina Weather   City: Carina, Brisbane   State: Queensland
Elevation: 16 m  Lat: 27 29' 03" S   Lon: 153 05' 43" E

                  Temperature (C), Rain (mm), Wind Speed (km/h)

                                      Heat  Cool        Avg
    Mean                              Deg   Deg         Wind                 Dom
Day Temp  High   Time   Low    Time   Days  Days  Rain  Speed High   Time    Dir
----------------------------------------------------------------------------------
01  27.5  33.2   12:11  22.2   05:20   0.0   9.2   0.0   0.1  10.0   13:47   ESE
02  28.1  34.4   14:25  20.9   05:31   0.0   9.8   0.0   0.0  10.0   17:20     N
03  29.2  36.0   12:21  22.7   05:31   0.0  10.9  17.4   0.3  13.0   17:27     W
04  23.8  26.8   09:54  20.5   22:54   0.0   5.5  18.4   2.9  37.0   14:25   ESE
05  22.6  24.8   15:05  20.9   23:23   0.0   4.3   0.4   1.5  21.0   13:17   ESE
06  21.5  25.3   12:34  19.7   07:16   0.0   3.2 134.8   0.7  14.0   10:24     E
07  24.8  30.9   15:03  21.0   00:00   0.0   6.6  21.8   0.0  13.0   18:20   ESE
08  24.8  31.2   13:21  22.6   23:32   0.0   6.5  27.5   0.1  18.0   14:23   ESE
09  24.4  28.6   10:41  22.2   01:33   0.0   6.1  23.2   0.0   8.0   11:02     N
10  25.4  30.8   13:36  21.3   22:06   0.0   7.1  54.8   0.0  10.0   21:52   ESE
11  25.2  30.7   14:55  21.4   04:57   0.0   5.0   6.2   0.0   0.0   00:00     N
12  23.3  25.8   14:59  21.8   22:53   0.0   4.5  53.4   0.4  24.0   22:18   ESE
13  22.8  25.6   11:08  21.7   02:12   0.0   4.3  62.4   0.2  11.0   12:16   ESE
14  25.8  32.3   12:29  21.6   05:10   0.0   7.4   0.2   0.4  14.0   15:12    NE
15  27.6  33.3   13:45  22.2   05:19   0.0   9.3   0.0   0.5  14.0   16:47     N
16  28.2  33.9   13:39  23.5   04:44   0.0   9.9   0.0   1.1  18.0   15:09     E
17  27.6  33.4   13:11  22.8   05:26   0.0   9.3   0.0   1.3  16.0   17:41   ESE
18  28.2  34.2   13:43  22.6   05:38   0.0   9.9   0.0   0.7  13.0   17:30   ENE
19  28.8  34.6   12:12  23.8   20:48   0.0  10.3   0.2   0.9  18.0   20:26   NNW
20  27.2  33.1   12:07  21.8   05:31   0.0   8.9   0.0   0.3  14.0   11:54   ESE
21  26.3  31.4   14:23  22.3   05:40   0.0   8.0   0.0   1.8  19.0   10:52   ESE
22  25.5  30.7   10:54  22.3   04:16   0.0   7.2   0.0   4.0  31.0   13:50   ESE
23  23.5  26.6   12:27  20.9   04:21   0.0   5.2   0.6   3.1  24.0   12:42   ESE
24  23.5  28.8   14:33  20.7   05:32   0.0   5.2   0.8   1.9  19.0   20:05   ESE
25  24.8  29.7   11:34  20.6   04:57   0.0   6.5   0.2   2.4  24.0   12:46   ESE
26  26.6  32.7   12:31  21.5   05:37   0.0   8.3   0.0   0.7   8.0   12:19    NE
27  25.5  30.4   13:49  21.8   23:56   0.0   7.1   5.2   0.6  13.0   14:26     E
28  26.4  33.3   14:16  20.8   02:32   0.0   8.1   0.0   0.9  14.0   14:38     E
29  26.4  30.9   11:38  23.0   23:58   0.0   8.1   0.0   2.8  23.0   13:00   ESE
----------------------------------------------------------------------------------
    25.7  36.0     3    19.7     6     0.0 211.7 427.5   1.2  37.0     4     ESE

Max >=  27.0 23
Max <=   0.0  0
Min <=   0.0  0
Min <= -18.0  0
Max Rain: 134.8 on day 6
Days of Rain: 17 (>= 0.2 mm)  11 (>= 2.0 mm)  7 (>= 20.0 mm)
Heat Base: 18.3  Cool Base: 18.3  Method: Integration