Select a Year or Month report

Report for 2020 Mar
                   Monthly Climatological Summary for Mar 2020

Name: Carina Weather   City: Carina, Brisbane   State: Queensland
Elevation: 16 m  Lat:  27 29' 03"  S  Lon:  153 05' 43" E

                  Temperature (C), Rain (mm), Wind Speed (km/h)
                                      Heat  Cool        Avg
    Mean                              Deg   Deg         Wind                 Dom
Day Temp  High   Time   Low    Time   Days  Days  Rain  Speed High   Time    Dir
----------------------------------------------------------------------------------
01  26.2  32.8   13:32  20.6   05:41   0.0   7.9   0.0   1.2  16.0   15:16     E
02  27.4  35.2   14:52  20.7   05:21   0.0   9.1   0.0   1.1  10.0   07:36     N
03  27.6  34.1   13:29  21.3   05:07   0.0   9.3   0.0   1.2  13.0   13:58     E
04  26.6  31.4   12:53  22.8   04:13   0.0   8.3  11.2   2.2  16.0   03:51     E
05  26.7  31.2   12:17  22.7   04:29   0.0   8.4   2.4   1.4  16.0   13:11    NE
06  27.4  32.7   14:24  24.6   22:50   0.0   9.1   1.0   1.0  14.0   14:30     N
07  26.4  30.9   12:02  23.9   23:40   0.0   8.0   0.0   2.7  29.0   17:51   ESE
08  25.2  28.2   11:16  23.2   04:28   0.0   6.9   0.0   5.0  29.0   11:45   ESE
09  21.2  23.7   00:00  19.6   17:51   0.0   2.9  46.0   2.2  16.0   13:09   ESE
10  20.8  25.5   10:35  18.7   04:49   0.0   2.5  16.8   2.4  24.0   14:53   ESE
11  23.0  27.9   12:28  19.4   01:03   0.0   4.7   0.2   4.0  31.0   11:45   ESE
12  21.0  26.4   09:14  18.2   23:47   0.0   2.7   4.8   2.9  24.0   10:01   ESE
13  21.8  26.8   10:04  17.3   03:03   0.1   3.6   0.6   2.8  29.0   09:51   ESE
14  22.5  28.5   13:37  17.1   05:01   0.2   4.4   0.0   3.1  26.0   15:26   ESE
15  23.0  29.0   13:49  19.0   05:45   0.0   4.7   0.0   3.4  27.0   17:28   ESE
16  22.6  28.2   14:23  18.0   05:51   0.0   4.3   0.0   3.5  31.0   09:45   ESE
17  22.3  27.7   14:18  17.4   05:51   0.1   4.1   0.0   3.4  27.0   11:01   ESE
18  22.6  28.9   13:37  17.3   04:40   0.1   4.4   0.0   3.1  26.0   16:26   ESE
19  22.5  30.6   13:46  17.1   05:07   0.2   4.4   0.0   0.8  11.0   09:51     E
20  23.4  30.9   13:23  16.9   03:08   0.2   5.3   0.0   1.0  13.0   13:52     N
21  25.1  34.0   13:42  17.9   06:06   0.0   6.8   0.0   1.4  16.0   16:09   ESE
22  26.2  33.1   13:27  22.1   06:28   0.0   7.8   0.0   1.1  11.0   12:05   ENE
23  24.2  28.7   13:29  21.2   04:20   0.0   5.9   0.0   3.5  27.0   12:36   ESE
24  22.8  25.8   13:03  20.8   23:24   0.0   4.5   0.0   1.7  19.0   09:19   ESE
25  22.8  28.4   14:33  18.6   23:16   0.0   4.5   0.0   1.2  19.0   10:24     E
26  23.1  29.4   13:53  17.2   05:55   0.1   4.9   0.0   1.4  19.0   12:36   ESE
27  22.1  27.1   10:56  19.4   06:03   0.0   3.8   0.0   2.6  27.0   14:08   ESE
28  23.1  29.8   13:50  18.4   03:56   0.0   4.8   0.0   1.7  19.0   14:08   ESE
29  23.3  30.3   14:19  18.9   04:53   0.0   5.0   0.0   1.1  14.0   09:36     E
30  24.1  30.5   14:44  18.7   05:52   0.0   5.8   0.0   0.9  11.0   13:36   NNE
31  24.8  32.0   12:59  19.8   04:06   0.0   6.5   0.0   0.8  19.0   11:09   NNE
----------------------------------------------------------------------------------
    23.9  35.2     2    16.9    20     1.0 175.3  83.0   2.1  31.0    11     ESE

Max >=  27.0 26
Max <=   0.0  0
Min <=   0.0  0
Min <= -18.0  0
Max Rain: 46.0 on day 9
Days of Rain: 8 (>= 0.2 mm)  5 (>= 2.0 mm)  1 (>= 20.0 mm)
Heat Base: 18.3  Cool Base: 18.3  Method: Integration