Select a Year or Month report

Report for 2020 Apr
                   Monthly Climatological Summary for Apr 2020

Name: Carina Weather   City: Carina, Brisbane   State: Queensland
Elevation: 16 m  Lat:  27 29' 03" S   Lon:  153 05' 43" E

                  Temperature (C), Rain (mm), Wind Speed (km/h)
                                      Heat  Cool        Avg
    Mean                              Deg   Deg         Wind                 Dom
Day Temp  High   Time   Low    Time   Days  Days  Rain  Speed High   Time    Dir
----------------------------------------------------------------------------------
01  24.5  30.6   13:33  19.7   03:48   0.0   6.2   0.0   2.0  24.0   13:34   ESE
02  24.1  30.2   14:02  19.4   05:50   0.0   5.8   0.0   0.9  16.0   10:56     E
03  25.2  30.8   13:17  20.1   06:09   0.0   6.9   0.0   1.2  13.0   12:01   NNE
04  26.1  30.8   11:43  22.3   23:56   0.0   7.8   0.8   1.6  18.0   02:35    NW
05  23.5  30.3   13:38  18.9   23:59   0.0   5.1   0.0   0.8  16.0   14:20   ESE
06  22.0  28.1   11:30  17.1   06:07   0.2   3.8   0.0   0.4  11.0   09:44    SE
07  23.0  29.1   13:22  17.9   05:11   0.0   4.7   0.0   2.2  21.0   10:18   ESE
08  22.7  27.1   12:47  19.7   06:12   0.0   4.4   0.0   3.1  24.0   12:48   ESE
09  22.8  27.2   11:47  20.1   04:26   0.0   4.5   0.0   2.7  29.0   14:18   ESE
10  22.2  26.5   14:12  18.7   05:48   0.0   3.9   0.6   0.8  11.0   11:51   ENE
11  24.7  32.0   15:28  18.4   06:06   0.0   6.4   0.0   2.0  27.0   13:27   WNW
12  21.4  29.3   11:35  14.4   06:13   0.4   3.5   0.0   2.5  27.0   12:42   ESE
13  20.5  28.6   14:06  14.2   04:36   1.0   3.3   0.0   0.9  13.0   10:16     E
14  21.0  28.6   13:00  15.0   05:58   0.6   3.3   0.0   0.5  14.0   12:06   ESE
15  21.2  28.7   12:43  16.7   06:00   0.4   3.3   0.0   1.1  18.0   14:06   ESE
16  22.0  28.1   13:34  15.7   03:55   0.6   4.3   0.0   0.4   8.0   09:25   WNW
17  24.3  34.3   14:42  16.2   05:42   0.3   6.3   0.0   1.0  16.0   11:55   WNW
18  22.1  28.7   11:34  16.9   22:36   0.1   3.9   0.2   0.5  24.0   13:33   WNW
19  19.5  25.8   15:27  16.2   05:30   0.6   1.8   0.8   0.5  13.0   06:10   WNW
20  20.5  29.8   14:58  13.3   06:25   1.2   3.4   0.0   0.9  14.0   09:10     W
21  21.5  29.6   13:20  14.2   05:55   0.9   4.1   0.0   0.8  10.0   11:15   ENE
22  23.1  32.2   13:49  17.6   06:06   0.0   4.8   0.0   1.0  16.0   16:17     E
23  21.3  28.9   11:43  16.7   06:04   0.4   3.4   0.0   0.8  13.0   15:36     E
24  21.6  28.8   13:04  16.2   02:23   0.5   3.8   0.0   0.7  11.0   13:36   NNW
25  21.6  29.3   13:01  16.2   06:32   0.4   3.7   0.0   1.2  21.0   12:20   ESE
26  21.6  29.3   13:30  15.8   06:02   0.4   3.6   0.0   0.4  18.0   12:00    NW
27  21.9  29.7   12:52  16.1   06:24   0.4   3.9   0.0   0.8  11.0   13:58   ENE
28  21.7  26.1   14:32  19.2   05:54   0.0   3.4   0.0   1.9  24.0   10:15   ESE
29  21.7  28.1   12:22  17.2   23:59   0.1   3.5   0.0   0.9  14.0   12:25     E
30  21.9  29.7   12:24  16.1   05:23   0.5   4.1   0.0   2.1  23.0   20:55    NW
----------------------------------------------------------------------------------
    22.4  34.3    17    13.3    20     9.0 130.9   2.4   1.2  29.0     9       E

Max >=  27.0 27
Max <=   0.0  0
Min <=   0.0  0
Min <= -18.0  0
Max Rain: 0.8 on day 4
Days of Rain: 4 (>= 0.2 mm)  0 (>= 2.0 mm)  0 (>= 20.0 mm)
Heat Base: 18.3  Cool Base: 18.3  Method: Integration