Select a Year or Month report

Report for 2020 Jun
                   Monthly Climatological Summary for Jun 2020

Name: Carina Weather   City: Carina, Brisbane   State: Queensland
Elevation: 16 m  Lat: S 27 29' 03"   Lon: E 153 05' 43"

                  Temperature (C), Rain (mm), Wind Speed (km/h)

                                      Heat  Cool        Avg
    Mean                              Deg   Deg         Wind                 Dom
Day Temp  High   Time   Low    Time   Days  Days  Rain  Speed High   Time    Dir
----------------------------------------------------------------------------------
01  18.5  24.5   13:20  14.2   06:59   1.4   1.6   0.0   0.9  13.0   12:04   NNW
02  16.4  20.7   13:54  13.1   23:50   2.2   0.3   0.0   4.5  32.0   12:57   WNW
03  14.5  22.8   15:41   7.4   04:56   4.4   0.6   0.0   1.5  18.0   01:03     W
04  15.5  21.2   13:17  11.2   06:23   3.3   0.5   0.0   1.6  19.0   13:33   ESE
05  16.7  22.7   12:55  12.3   06:04   2.5   0.9   0.0   1.5  16.0   09:46   ESE
06  15.8  24.6   13:36  11.2   02:02   3.7   1.2   0.0   0.9  11.0   15:47    SW
07  15.9  22.9   14:30  11.3   00:22   3.2   0.8   0.0   0.8  14.0   16:18   ESE
08  16.1  23.1   12:57  11.3   23:59   3.0   0.8   0.0   1.6  19.0   13:38    SE
09  16.0  22.9   11:42   9.8   03:23   3.2   0.9   2.2   2.0  31.0   14:59   ESE
10  17.8  24.2   11:55  15.0   06:01   1.3   0.8   8.8   1.1  19.0   13:10    SE
11  18.8  25.3   14:13  15.3   06:25   1.1   1.6   0.0   1.3  13.0   16:14    SE
12  18.3  25.6   14:08  13.2   06:00   1.7   1.7   0.0   1.3  14.0   16:09   ESE
13  18.3  24.1   13:39  13.7   02:34   1.4   1.5   0.0   0.6  10.0   08:44     E
14  20.1  24.6   11:43  18.4   23:12   0.0   1.8  16.0   0.8  16.0   10:10   NNW
15  19.0  25.4   15:38  14.4   06:37   0.8   1.5   0.2   0.8  13.0   13:48   ESE
16  18.0  23.9   13:37  14.4   05:00   1.6   1.3   0.0   1.8  19.0   13:18   ESE
17  17.7  23.7   11:54  13.3   06:48   1.8   1.3   0.0   2.0  27.0   12:38   ESE
18  17.7  24.1   11:38  14.1   06:29   1.5   1.0   5.0   2.1  21.0   13:19   ESE
19  16.2  21.8   12:12  12.8   23:03   2.5   0.5   0.2   1.9  23.0   12:20   ESE
20  15.4  19.2   13:10  12.9   03:59   2.9   0.0   4.0   0.7  11.0   12:07    SE
21  17.2  23.6   13:33  13.9   06:59   2.0   0.8   3.2   0.9  16.0   21:00    NW
22  15.2  21.1   13:49   8.3   23:58   3.5   0.4   0.2   2.0  23.0   13:02   WNW
23  13.6  19.8   14:04   6.7   02:56   4.9   0.2   0.0   3.5  31.0   14:24   WNW
24  14.3  20.8   14:39   9.4   23:58   4.3   0.3   0.0   3.0  24.0   14:11   WNW
25  13.8  21.8   14:09   9.2   00:08   5.0   0.5   0.0   1.3  16.0   08:00     W
26  14.7  22.9   14:28   8.4   02:14   4.3   0.7   0.0   1.1  14.0   11:01   SSE
27  16.2  23.8   14:15  10.9   05:54   3.0   1.0   0.0   1.5  16.0   16:16    SE
28  15.6  18.1   14:33  13.6   22:09   2.7   0.0   0.8   1.1  13.0   11:14    SE
29  15.6  22.5   14:00  10.7   06:59   3.3   0.6   0.0   1.7  18.0   16:38    SE
30  14.9  22.6   13:54   9.7   02:20   3.9   0.5   0.0   1.1  18.0   10:51   ESE
----------------------------------------------------------------------------------
    16.5  25.6    12     6.7    23    80.4  25.6  40.6   1.6  32.0     2     SSE

Max >=  27.0  0
Max <=   0.0  0
Min <=   0.0  0
Min <= -18.0  0
Max Rain: 16.0 on day 14
Days of Rain: 10 (>= 0.2 mm)  6 (>= 2.0 mm)  0 (>= 20.0 mm)
Heat Base: 18.3  Cool Base: 18.3  Method: Integration