Select a Year or Month report

Report for 2020 Jul
                   Monthly Climatological Summary for Jul 2020

Name: Carina Weather   City: Carina, Brisbane   State: Queensland
Elevation: 16 m  Lat: S 27 29' 03"   Lon: E 153 05' 43"

                  Temperature (C), Rain (mm), Wind Speed (km/h)

                                      Heat  Cool        Avg
    Mean                              Deg   Deg         Wind                 Dom
Day Temp  High   Time   Low    Time   Days  Days  Rain  Speed High   Time    Dir
----------------------------------------------------------------------------------
01  15.5  23.2   12:43  11.1   23:57   3.6   0.7   0.0   0.8  10.0   12:48    NE
02  15.5  23.7   13:40  10.7   04:47   3.7   0.8   0.0   0.8  10.0   14:35   NNW
03  17.1  25.2   13:53  10.8   03:14   2.6   1.4   0.2   0.7  10.0   13:03     N
04  15.9  21.1   13:46  10.7   07:12   2.8   0.4   0.0   3.9  29.0   14:21   WNW
05  12.5  21.1   15:49   5.3   07:05   6.1   0.3   0.0   1.3  16.0   11:32     W
06  13.5  22.4   13:30   6.9   03:30   5.3   0.6   0.0   0.8  13.0   09:56     S
07  15.3  23.3   14:18   8.9   06:42   3.7   0.8   0.0   1.8  16.0   14:25   ESE
08  16.3  23.4   15:14   9.8   04:58   3.0   1.0   3.6   2.5  24.0   20:42   ESE
09  16.0  19.8   13:33  14.3   02:56   2.4   0.1   3.8   2.0  24.0   14:08   ESE
10  16.9  22.9   13:21  12.9   06:49   2.3   0.9   0.2   0.9  14.0   13:43     E
11  17.5  24.3   13:53  13.6   05:12   2.1   1.3   0.2   0.7  11.0   12:47     N
12  16.4  22.7   11:27  12.8   06:48   2.5   0.6   2.8   0.8  18.0   13:06     W
13  15.9  21.4   14:08  11.8   23:53   2.9   0.4   0.0   2.1  21.0   12:24     W
14  13.1  18.4   15:00  10.2   05:46   5.2   0.0   0.0   6.1  34.0   13:14   WNW
15  15.1  22.6   15:39   9.4   06:49   3.9   0.7   0.0   3.1  23.0   10:46   WNW
16  15.1  22.2   14:29   8.9   04:17   3.8   0.6   0.0   3.0  27.0   10:24     W
17  14.8  23.4   14:54   9.3   06:20   4.2   0.7   0.0   1.3  13.0   03:59     W
18  15.1  23.8   14:16   8.8   04:07   4.2   1.0   0.0   0.9  18.0   13:03    SE
19  15.8  25.3   15:00  10.4   03:10   3.8   1.3   0.0   1.1  16.0   09:11     W
20  16.0  25.7   14:53   8.3   06:24   3.7   1.4   0.0   1.4  16.0   10:32    SW
21  16.0  21.6   12:01  11.7   05:34   2.8   0.5   0.0   1.9  21.0   12:01   ESE
22  15.6  18.9   15:03  12.3   02:30   2.8   0.1   0.0   1.3  18.0   12:53   ESE
23  14.6  18.3   13:36  11.9   01:44   3.7   0.0   1.6   0.5   8.0   12:13   WSW
24  15.9  20.1   14:52  13.6   00:00   2.5   0.1   3.6   1.9  23.0   13:30   ESE
25  16.7  20.5   14:29  14.9   06:18   1.8   0.2  21.6   1.5  14.0   14:34   ESE
26  17.6  23.8   15:50  15.2   23:49   1.5   0.8  13.0   3.6  32.0   20:06   WNW
27  15.6  19.6   14:14  12.7   06:51   2.7   0.0   0.0   5.3  37.0   13:10   WNW
28  15.5  21.9   14:30   9.3   06:57   3.4   0.6   0.0   2.8  24.0   11:26   WNW
29  15.3  23.9   15:00   8.2   05:19   4.1   1.1   0.0   1.0  18.0   09:24     W
30  16.2  24.2   14:22   9.4   05:35   3.2   1.1   0.0   1.6  19.0   16:13    SE
31  16.5  22.6   14:29  12.1   05:00   2.7   0.9   0.0   2.3  21.0   13:38   ESE
----------------------------------------------------------------------------------
    15.6  25.7    20     5.3     5   103.0  20.4  50.6   1.9  37.0    27       W

Max >=  27.0  0
Max <=   0.0  0
Min <=   0.0  0
Min <= -18.0  0
Max Rain: 21.6 on day 25
Days of Rain: 10 (>= 0.2 mm)  6 (>= 2.0 mm)  1 (>= 20.0 mm)
Heat Base: 18.3  Cool Base: 18.3  Method: Integration