Select a Year or Month report

Report for 2020 Aug
                   Monthly Climatological Summary for Aug 2020

Name: Carina Weather   City: Carina, Brisbane   State: Queensland
Elevation: 16 m  Lat: S 27 29' 03"   Lon: E 153 05' 43"

                  Temperature (C), Rain (mm), Wind Speed (km/h)

                                      Heat  Cool        Avg
    Mean                              Deg   Deg         Wind                 Dom
Day Temp  High   Time   Low    Time   Days  Days  Rain  Speed High   Time    Dir
----------------------------------------------------------------------------------
01  16.5  22.9   14:17  12.0   05:25   2.7   0.8   0.0   2.0  19.0   15:11   ESE
02  15.5  24.0   14:30   9.5   06:33   3.7   1.0   0.0   1.0  11.0   12:06    SE
03  15.6  23.9   13:49  11.1   03:20   3.5   0.8   0.0   0.9  13.0   11:07   ESE
04  16.7  24.4   12:59  11.6   00:00   2.7   1.2   0.0   0.7  18.0   13:43    NW
05  16.4  25.5   13:52   8.9   05:49   3.6   1.7   0.0   0.6  10.0   12:29   NNE
06  16.7  26.3   13:15   8.6   06:05   3.4   1.8   0.0   0.9  14.0   15:03   ENE
07  18.0  23.9   11:10  16.1   03:19   1.1   0.8  10.4   1.1  23.0   11:44   ENE
08  18.6  24.4   14:08  14.4   06:39   1.2   1.5   0.4   2.6  23.0   17:07     W
09  14.6  19.4   13:32  10.3   06:07   3.8   0.1   0.0   3.3  26.0   12:51   WNW
10  14.3  18.3   14:16  10.9   02:26   4.0   0.0   0.0   5.2  34.0   09:21   WNW
11  16.0  23.2   13:40  10.9   04:25   3.2   0.9   0.0   1.6  16.0   12:05   WSW
12  16.5  23.4   12:26  11.1   05:16   2.8   1.0   0.0   1.0  13.0   12:39   ENE
13  18.0  26.1   12:54  11.6   05:15   2.2   1.9   0.0   0.8  11.0   15:04     N
14  19.3  24.3   13:00  14.3   01:49   0.9   1.9   0.0   1.7  18.0   16:41   NNE
15  18.9  24.4   12:33  14.7   20:40   0.5   0.9   3.4   1.7  31.0   18:49   WNW
16  16.8  23.1   13:54  11.0   06:35   2.4   0.9   0.0   3.3  27.0   14:52   WNW
17  15.7  23.1   15:14   8.7   06:03   3.5   0.9   0.0   2.3  24.0   10:27   WNW
18  16.0  24.4   13:06   8.1   06:16   3.4   1.1   0.0   0.9  11.0   15:21    NW
19  19.8  27.5   14:43  11.7   06:09   1.9   3.3   0.0   3.7  29.0   13:42   WNW
20  19.3  23.4   13:21  15.4   06:33   0.5   1.5   0.0   5.2  34.0   14:48   WNW
21  16.7  23.9   14:31   9.4   06:25   3.0   1.3   0.0   2.9  34.0   13:10   WNW
22  18.2  22.8   13:28  11.3   23:57   1.2   1.1   0.0   5.9  39.0   14:09   WNW
23  15.0  21.2   14:58   9.5   03:09   3.7   0.4   0.0   4.5  29.0   11:45   WNW
24  14.7  23.6   14:17   7.2   06:24   4.5   0.8   0.0   2.1  21.0   03:18     W
25  14.3  23.2   12:51   7.3   05:56   5.0   1.0   0.0   1.0  14.0   13:42     N
26  14.7  21.9   13:07   8.0   03:31   4.2   0.6   0.0   2.1  21.0   15:02   ESE
27  15.7  23.4   14:03   9.2   06:30   3.5   1.0   0.0   1.0  14.0   14:33     E
28  17.2  27.1   15:12   9.2   06:00   3.1   2.0   0.0   1.8  19.0   11:29     W
29  17.1  23.1   11:53  11.1   05:47   2.4   1.2   0.0   2.2  19.0   13:07   ESE
30  17.1  24.3   12:56  11.8   23:59   2.4   1.3   0.2   1.4  16.0   15:05     E
31  17.9  27.9   15:04  10.4   06:19   2.6   2.2   0.0   1.2  19.0   12:34   WNW
----------------------------------------------------------------------------------
    16.7  27.9    31     7.2    24    86.6  36.9  14.4   2.2  39.0    22     WNW

Max >=  27.0  3
Max <=   0.0  0
Min <=   0.0  0
Min <= -18.0  0
Max Rain: 10.4 on day 7
Days of Rain: 4 (>= 0.2 mm)  2 (>= 2.0 mm)  0 (>= 20.0 mm)
Heat Base: 18.3  Cool Base: 18.3  Method: Integration