Select a Year or Month report

Report for 2020 Sep
                   Monthly Climatological Summary for Sep 2020

Name: Carina Weather   City: Carina, Brisbane   State: Queensland
Elevation: 16 m  Lat: S 27° 29' 03"   Lon: E 153° 05' 43"

                  Temperature (°C), Rain (mm), Wind Speed (km/h)

                                      Heat  Cool        Avg
    Mean                              Deg   Deg         Wind                 Dom
Day Temp  High   Time   Low    Time   Days  Days  Rain  Speed High   Time    Dir
----------------------------------------------------------------------------------
01  18.3  26.9   12:17  12.3   03:02   1.9   1.9   0.0   2.3  24.0   13:42   ESE
02  19.3  25.2   10:46  13.8   05:54   1.2   2.1   0.0   1.2  16.0   13:45   ENE
03  19.8  26.5   13:12  13.8   06:01   1.1   2.6   0.0   1.1  16.0   12:54     N
04  20.1  26.4   12:55  15.3   03:10   0.7   2.5   0.0   1.2  16.0   15:09     N
05  20.0  26.6   12:42  13.6   06:02   1.1   2.8   0.0   1.3  14.0   11:53     N
06  19.4  25.6   11:10  15.9   05:49   0.5   1.6   0.4   3.2  29.0   11:36   ESE
07  19.7  24.6   13:28  16.6   00:00   0.5   1.9   0.0   5.3  27.0   13:27   ESE
08  18.2  24.4   12:54  12.2   05:59   1.8   1.7   0.0   2.2  19.0   12:31   ESE
09  18.6  24.7   11:02  13.6   23:58   1.5   1.8   0.0   1.2  14.0   16:53     E
10  16.6  20.8   11:33  13.4   00:10   2.0   0.3   1.0   1.8  19.0   15:35    SE
11  18.1  23.1   11:58  14.7   04:33   1.5   1.2   0.4   4.9  37.0   14:45   ESE
12  18.0  23.9   13:30  12.2   06:01   1.7   1.4   0.0   3.2  24.0   11:23   ESE
13  18.3  24.7   14:12  13.3   05:59   1.6   1.6   0.0   1.4  13.0   13:35     E
14  19.7  28.3   12:46  13.4   04:40   1.4   2.8   0.0   1.1  13.0   13:40   ENE
15  19.7  26.2   11:24  13.7   05:49   1.1   2.5   0.0   2.3  21.0   11:29   ESE
16  19.3  26.7   12:46  13.8   04:32   1.4   2.4   0.0   1.2  18.0   15:28     E
17  19.8  27.5   12:50  13.3   05:12   1.4   2.9   0.0   1.2  14.0   17:15   ENE
18  20.3  26.8   11:24  15.5   05:53   0.7   2.7   0.2   2.3  21.0   11:52   ESE
19  20.7  26.7   13:34  16.3   05:26   0.4   2.8   0.4   2.1  24.0   12:05     E
20  21.9  28.9   13:30  17.0   01:00   0.2   3.8   0.0   1.0  16.0   14:35   ENE
21  22.9  29.8   11:27  16.6   05:24   0.2   4.7   0.0   2.3  21.0   16:44     N
22  23.5  29.3   11:55  19.8   01:50   0.0   5.2   0.0   1.9  18.0   14:13     N
23  23.8  31.4   12:40  20.2   22:15   0.0   5.5   0.0   1.1  16.0   09:09   NNW
24  22.2  29.6   12:57  15.4   23:56   0.2   4.2   0.0   1.3  14.0   10:49   NNW
25  21.6  28.1   12:29  13.6   05:41   1.1   4.4   0.2   2.2  21.0   17:50     N
26  19.7  25.1   14:49  14.6   22:49   0.7   2.1   0.0   5.6  32.0   08:38   WNW
27  17.6  26.3   13:28   9.8   05:54   2.5   1.8   0.0   1.9  18.0   17:06     S
28  17.2  24.4   13:03  10.1   05:47   2.5   1.4   0.0   2.7  23.0   16:27   ESE
29  17.6  24.2   11:48  12.3   23:38   2.2   1.5   0.0   2.4  19.0   10:29   ESE
30  18.7  24.8   11:14  11.6   05:34   1.9   2.3   0.0   1.3  16.0   12:16   ENE
----------------------------------------------------------------------------------
    19.7  31.4    23     9.8    27    35.0  76.4   2.6   2.1  37.0    11       E

Max >=  27.0  8
Max <=   0.0  0
Min <=   0.0  0
Min <= -18.0  0
Max Rain: 1.0 on day 10
Days of Rain: 6 (>= 0.2 mm)  0 (>= 2.0 mm)  0 (>= 20.0 mm)
Heat Base: 18.3  Cool Base: 18.3  Method: Integration