Select a Year or Month report

Report for 2020 Oct
                   Monthly Climatological Summary for Oct 2020

Name: Carina Weather   City: Carina, Brisbane   State: Queensland
Elevation: 16 m  Lat: S 27° 29' 03"   Lon: E 153° 05' 43"

                  Temperature (°C), Rain (mm), Wind Speed (km/h)

                                      Heat  Cool        Avg
    Mean                              Deg   Deg         Wind                 Dom
Day Temp  High   Time   Low    Time   Days  Days  Rain  Speed High   Time    Dir
----------------------------------------------------------------------------------
01  20.5  28.1   12:48  12.6   05:13   1.3   3.5   0.0   1.5  14.0   09:39     N
02  22.1  29.6   11:09  14.8   05:35   0.6   4.4   0.0   2.3  19.0   12:15     E
03  21.3  27.5   12:28  16.1   23:58   0.2   3.3   0.0   2.5  23.0   14:50   ESE
04  20.7  26.9   11:56  14.6   02:32   0.8   3.2   0.0   1.6  16.0   09:36     E
05  21.5  28.0   11:45  15.8   05:35   0.4   3.6   0.0   1.6  19.0   14:51   ENE
06  21.0  28.9   11:50  16.2   04:03   0.6   3.3   0.0   1.2  16.0   14:09   ENE
07  21.3  27.8   11:57  15.2   05:49   0.6   3.6   0.0   1.5  18.0   13:43   ENE
08  21.5  28.2   12:55  15.1   05:06   0.7   3.9   0.0   1.7  16.0   11:04     N
09  22.9  30.0   11:51  16.1   05:27   0.2   4.8   0.0   1.5  14.0   14:41     N
10  21.5  28.4   12:56  13.7   05:36   0.6   3.7   0.0   2.5  23.0   11:05     E
11  21.7  28.2   13:40  16.0   05:42   0.3   3.7   0.0   1.8  18.0   14:47     E
12  21.3  26.7   14:58  17.6   00:01   0.1   3.1   0.0   1.8  21.0   10:39     E
13  21.1  27.2   12:00  15.7   04:52   0.4   3.2   0.0   3.1  26.0   15:33   ESE
14  19.1  25.4   11:26  15.8   00:53   0.7   1.5   4.6   2.9  34.0   11:51   ESE
15  20.5  27.6   13:10  13.7   05:11   1.1   3.3   0.0   2.1  18.0   11:21     E
16  21.8  30.0   13:26  14.4   03:47   0.9   4.4   0.0   1.4  16.0   11:22   NNE
17  22.1  28.6   12:32  15.7   05:05   0.4   4.2   0.0   1.7  18.0   12:39   NNE
18  22.9  29.3   11:19  15.1   05:23   0.4   5.0   0.0   2.5  18.0   11:51     N
19  22.4  30.1   13:29  16.9   05:18   0.2   4.3   2.6   2.7  21.0   11:41     W
20  22.1  28.1   13:01  17.8   05:05   0.0   3.8   0.0   3.7  27.0   16:47   ESE
21  21.5  28.3   12:52  16.2   05:04   0.3   3.5   0.6   1.2  14.0   12:12     E
22  21.3  25.3   10:33  18.3   03:57   0.0   3.0   1.8   0.9  14.0   12:25    NE
23  23.7  29.7   13:15  19.5   01:54   0.0   5.4   0.0   1.7  13.0   11:11   NNE
24  22.4  26.6   09:47  19.5   23:26   0.0   4.1  47.8   1.5  16.0   09:04     N
25  22.5  30.2   11:24  18.7   02:15   0.0   4.2  25.0   1.4  26.0   13:26   NNE
26  23.0  29.6   12:31  19.1   03:57   0.0   4.7   0.2   1.4  14.0   13:13     E
27  21.0  25.7   10:40  17.7   22:00   0.1   2.8  51.2   3.4  26.0   12:37   ESE
28  21.1  28.6   12:03  17.2   03:54   0.2   3.0  20.2   1.4  18.0   15:25   ENE
29  22.4  28.4   13:07  16.8   05:13   0.2   4.4   1.2   1.4  14.0   14:53   NNE
30  24.6  31.3   13:21  17.1   05:33   0.1   6.4   0.0   1.9  19.0   13:02   NNE
31  24.1  29.9   12:36  18.3   23:59   0.0   5.8   4.8   2.7  24.0   14:00     N
----------------------------------------------------------------------------------
    21.8  31.3    30    12.6     1    11.4 121.1 160.0   2.0  34.0    14     ENE

Max >=  27.0 25
Max <=   0.0  0
Min <=   0.0  0
Min <= -18.0  0
Max Rain: 51.2 on day 27
Days of Rain: 11 (>= 0.2 mm)  7 (>= 2.0 mm)  4 (>= 20.0 mm)
Heat Base: 18.3  Cool Base: 18.3  Method: Integration