Select a Year or Month report

Report for 2020 Dec
                   Monthly Climatological Summary for Dec 2020

Name: Carina Weather   City: Carina, Brisbane   State: Queensland
Elevation: 16 m  Lat: S 27° 29' 03"   Lon: E 153° 05' 43"

                  Temperature (°C), Rain (mm), Wind Speed (km/h)

                                      Heat  Cool        Avg
    Mean                              Deg   Deg         Wind                 Dom
Day Temp  High   Time   Low    Time   Days  Days  Rain  Speed High   Time    Dir
----------------------------------------------------------------------------------
01  27.3  33.4   13:57  23.3   01:54   0.0   9.0   0.0   2.2  16.0   12:50    NE
02  28.0  33.4   13:22  23.8   03:19   0.0   9.7   0.0   2.2  19.0   14:19   NNE
03  27.3  32.8   14:16  23.3   23:50   0.0   9.0   0.0   1.6  18.0   16:01   ENE
04  27.8  33.6   13:27  23.2   00:12   0.0   9.5   0.0   1.9  19.0   17:45     N
05  27.7  33.7   10:47  22.4   04:23   0.0   9.4   0.0   2.1  19.0   18:18   NNE
06  28.2  33.9   11:35  23.7   04:07   0.0   9.9   0.0   2.7  19.0   16:52     N
07  26.9  34.3   12:26  23.2   21:13   0.0   8.6   9.2   1.3  18.0   23:26     N
08  25.5  33.2   14:52  21.7   04:39   0.0   7.2   0.0   2.8  24.0   16:07   WNW
09  24.4  29.8   13:51  19.6   04:50   0.0   6.0   0.0   2.5  19.0   13:44     E
10  25.5  30.8   12:45  21.2   00:00   0.0   7.2   0.0   1.6  16.0   16:03    NE
11  22.5  26.9   08:59  18.7   23:59   0.0   4.2   1.0   2.8  27.0   15:19   ESE
12  19.8  25.4   15:20  17.1   05:36   0.2   1.7  10.6   2.6  26.0   14:54   ESE
13  19.8  21.9   09:16  18.8   03:00   0.0   1.5  38.8   4.9  39.0   22:40   ESE
14  22.1  24.8   16:18  20.8   00:30   0.0   3.8  25.6   6.5  51.0   11:21   ESE
15  25.3  30.8   12:19  21.0   05:07   0.0   7.0   0.2   1.3  14.0   11:00   ENE
16  25.8  30.8   13:24  22.8   00:39   0.0   7.5   1.4   3.0  23.0   16:40     E
17  25.5  29.5   13:04  23.3   05:12   0.0   7.2  13.8   2.0  27.0   15:57   NNE
18  27.0  31.3   15:02  23.1   04:31   0.0   8.7   0.4   2.0  14.0   12:04     N
19  27.3  31.8   13:30  24.6   03:17   0.0   9.0   0.0   2.1  14.0   07:40   NNE
20  27.3  32.2   13:13  24.1   05:41   0.0   9.0   1.8   1.8  16.0   17:08   NNE
21  27.6  32.2   11:38  24.0   05:22   0.0   9.3   0.2   2.0  14.0   20:58   NNE
22  27.0  33.2   13:26  23.6   03:26   0.0   8.7   6.6   2.1  18.0   14:45   NNW
23  26.2  33.1   12:29  22.1   23:58   0.0   7.9   0.0   4.0  29.0   17:41   ESE
24  24.2  30.1   13:28  20.0   04:44   0.0   5.9   0.0   2.8  19.0   17:06   ESE
25  24.6  30.1   14:20  21.0   23:32   0.0   6.3   0.0   1.8  16.0   16:44   ESE
26  24.1  29.2   11:09  19.3   04:30   0.0   5.8   0.0   2.6  21.0   14:40   ESE
27  24.9  30.5   12:08  18.8   02:34   0.0   6.6   0.0   1.6  16.0   14:50     E
28  26.3  32.2   14:15  19.9   04:41   0.0   8.0   0.0   1.7  14.0   12:56   NNE
29  26.6  31.2   12:32  22.0   05:02   0.0   8.3   0.0   1.4  16.0   12:35    NE
30  24.2  26.3   11:11  21.8   23:51   0.0   5.9   0.4   1.5  11.0   09:10   ESE
31  25.0  29.9   13:30  20.8   04:51   0.0   6.7   1.2   4.4  31.0   17:02   ESE
----------------------------------------------------------------------------------
    25.5  34.3     7    17.1    12     0.2 224.5 111.2   2.4  51.0    14     ENE

Max >=  27.0 26
Max <=   0.0  0
Min <=   0.0  0
Min <= -18.0  0
Max Rain: 38.8 on day 13
Days of Rain: 14 (>= 0.2 mm)  6 (>= 2.0 mm)  2 (>= 20.0 mm)
Heat Base: 18.3  Cool Base: 18.3  Method: Integration