Select a Year or Month report

Report for 2021 Jan
                   Monthly Climatological Summary for Jan 2021

Name: Carina Weather   City: Carina, Brisbane   State: Queensland
Elevation: 16 m  Lat: S 27° 29' 03"   Lon: E 153° 05' 43"

                  Temperature (°C), Rain (mm), Wind Speed (km/h)

                                      Heat  Cool        Avg
    Mean                              Deg   Deg         Wind                 Dom
Day Temp  High   Time   Low    Time   Days  Days  Rain  Speed High   Time    Dir
----------------------------------------------------------------------------------
01  24.6  29.9   12:36  21.6   03:48   0.0   6.3   1.6   3.2  23.0   12:42   ESE
02  25.2  30.6   13:18  21.3   04:15   0.0   6.9   0.6   2.1  21.0   09:54   ESE
03  25.8  30.8   13:24  21.8   01:25   0.0   7.5   2.0   1.6  16.0   12:09     E
04  25.8  30.6   14:26  22.7   04:30   0.0   7.5   1.0   1.2  13.0   13:58   ENE
05  27.6  34.0   14:06  23.1   23:59   0.0   9.3   0.4   1.5  14.0   14:31   NNE
06  27.1  33.9   13:51  22.3   03:56   0.0   8.8   1.8   1.9  26.0   19:17     E
07  24.3  27.4   10:49  21.3   23:03   0.0   6.0   0.6   3.3  32.0   19:03   ESE
08  21.8  23.6   10:15  19.4   23:15   0.0   3.5   1.8   4.1  26.0   01:46   ESE
09  21.8  25.8   13:31  18.5   04:30   0.0   3.5   2.8   2.9  27.0   13:17   ESE
10  23.5  28.2   11:09  19.8   01:36   0.0   5.2   1.0   4.2  29.0   09:14   ESE
11  23.7  29.3   12:30  19.7   23:59   0.0   5.4   0.0   3.5  27.0   12:41   ESE
12  23.9  29.9   13:01  17.4   05:24   0.1   5.7   0.0   3.0  26.0   12:54   ESE
13  25.5  31.8   13:33  20.2   04:24   0.0   7.2   0.0   3.8  27.0   15:54   ESE
14  26.3  31.9   10:48  21.8   23:08   0.0   8.0   0.0   2.3  21.0   13:56   ESE
15  26.6  32.8   12:54  20.1   05:09   0.0   8.3   0.0   2.0  18.0   14:50   NNE
16  26.7  35.4   12:17  23.4   15:46   0.0   8.4  16.8   2.9  27.0   14:59     E
17  26.1  30.7   14:37  22.4   04:59   0.0   7.8   0.0   2.0  19.0   11:20   ESE
18  25.3  31.5   13:13  19.6   23:16   0.0   7.0  22.4   2.0  18.0   14:02     E
19  24.4  31.7   14:18  19.4   00:18   0.0   6.1   0.2   2.3  19.0   01:31   ESE
20  24.3  27.5   12:01  21.7   23:45   0.0   6.0   0.0   4.6  29.0   15:17   ESE
21  23.5  27.2   12:20  20.4   03:32   0.0   5.2   0.0   3.3  21.0   08:31   ESE
22  24.3  30.4   13:56  19.4   02:39   0.0   6.0   0.0   1.2  14.0   13:06   ENE
23  25.1  30.6   13:22  19.3   04:27   0.0   6.8   0.0   1.6  18.0   13:42     E
24  24.7  31.7   13:12  19.3   02:57   0.0   6.4   1.4   1.8  23.0   10:43     E
25  24.8  30.4   13:11  21.0   23:55   0.0   6.5   1.2   1.1  18.0   15:32   ENE
26  25.7  32.1   13:48  18.8   05:34   0.0   7.4   0.0   1.4  14.0   14:14     E
27  27.0  32.4   12:22  21.9   05:13   0.0   8.7   0.0   1.8  13.0   13:09     E
28  26.3  31.3   13:01  22.9   05:04   0.0   8.0   0.4   4.6  31.0   11:20   ESE
29  26.2  31.0   12:49  23.1   23:58   0.0   7.9   0.0   4.4  24.0   13:48   ESE
30  26.4  31.6   11:26  21.4   05:34   0.0   8.1   0.0   2.5  21.0   16:39   ESE
31  25.8  31.4   13:10  22.6   02:56   0.0   7.5   4.4   2.6  19.0   09:10   ESE
----------------------------------------------------------------------------------
    25.2  35.4    16    17.4    12     0.1 212.9  60.4   2.6  32.0     7     ESE

Max >=  27.0 29
Max <=   0.0  0
Min <=   0.0  0
Min <= -18.0  0
Max Rain: 22.4 on day 18
Days of Rain: 17 (>= 0.2 mm)  5 (>= 2.0 mm)  1 (>= 20.0 mm)
Heat Base: 18.3  Cool Base: 18.3  Method: Integration