NOAA-style Climate Reports

   V/Λ SELECT: Month and Year   OR  >   Month
                   Monthly Climatological Summary for Nov 2021

Name: Carina Weather   City: Carina, Brisbane   State: Queensland
Elevation: 16 m  Lat: S 27° 29' 04"   Lon: E 153° 05' 43"

                  Temperature (°C), Rain (mm), Wind Speed (km/h)

                                      Heat  Cool        Avg
    Mean                              Deg   Deg         Wind                 Dom
Day Temp  High   Time   Low    Time   Days  Days  Rain  Speed High   Time    Dir
----------------------------------------------------------------------------------
01  20.4  25.2   12:02  15.5   05:13   0.2   2.2   0.0   2.6  19.0   09:47     W
02  22.1  26.4   13:51  17.8   00:24   0.0   2.9   0.0   2.4  21.0   17:39     W
03  20.2  24.6   10:57  15.7   23:59   0.3   2.4   0.2   2.8  26.0   11:41     W
04  20.8  26.9   12:48  14.7   04:19   0.7   5.3   0.0   0.9  18.0   08:48     W
05  26.3  26.3   00:00  26.3   00:00   0.0   8.0   0.0   0.0   0.0   00:00     N
06  26.3  26.3   00:00  26.3   00:00   0.0   8.0   0.0   0.0   0.0   00:00     N
07  26.3  26.3   00:00  26.3   00:00   0.0   8.0   0.0   0.0   0.0   00:00     N
08  26.3  26.3   00:00  26.3   00:00   0.0   8.0   0.0   0.0   0.0   00:00     N
09  26.3  26.3   00:00  26.3   00:00   0.0   8.0   0.0   0.0   0.0   00:00     N
----------------------------------------------------------------------------------
    23.9  26.9     4    14.7     4     1.2  52.8   0.2   1.0  26.0     3       W

Max >=  27.0  0
Max <=   0.0  0
Min <=   0.0  0
Min <= -18.0  0
Max Rain: 0.2 on day 3
Days of Rain: 1 (>= 0.2 mm)  0 (>= 2.0 mm)  0 (>= 20.0 mm)
Heat Base: 18.3  Cool Base: 18.3  Method: Integration

Powered by Davis Vantage Pro2 Model #6152AU  and   CumulusMX   v 3.13.6 (b3152)   MXUI Template v 2.2.2 by  Silver Acorn     Valid HTML5